Last updated on 2023-01-30 00:31:21 CET.
Flavor | Version | Tinstall | Tcheck | Ttotal | Status | Flags |
---|---|---|---|---|---|---|
r-devel-linux-x86_64-debian-clang | 1.1.1 | 52.17 | 33.52 | 85.69 | OK | |
r-devel-linux-x86_64-debian-gcc | 1.1.1 | 47.87 | 27.48 | 75.35 | OK | |
r-devel-linux-x86_64-fedora-clang | 1.1.1 | 123.78 | NOTE | |||
r-devel-linux-x86_64-fedora-gcc | 1.1.1 | 127.21 | NOTE | |||
r-devel-windows-x86_64 | 1.1.1 | 101.00 | 88.00 | 189.00 | OK | |
r-patched-linux-x86_64 | 1.1.1 | 43.03 | 34.86 | 77.89 | OK | |
r-release-linux-x86_64 | 1.1.1 | 41.07 | 34.95 | 76.02 | OK | |
r-release-macos-arm64 | 1.1.1 | 37.00 | NOTE | |||
r-release-macos-x86_64 | 1.1.1 | 50.00 | NOTE | |||
r-release-windows-x86_64 | 1.1.1 | 38.00 | 83.00 | 121.00 | OK | |
r-oldrel-macos-arm64 | 1.1.1 | 35.00 | NOTE | |||
r-oldrel-macos-x86_64 | 1.1.1 | 50.00 | NOTE | |||
r-oldrel-windows-ix86+x86_64 | 1.1.1 | 111.00 | 85.00 | 196.00 | OK |
Version: 1.1.1
Check: dependencies in R code
Result: NOTE
Namespaces in Imports field not imported from:
‘Rcpp’ ‘RcppEigen’
All declared Imports should be used.
Flavors: r-devel-linux-x86_64-fedora-clang, r-devel-linux-x86_64-fedora-gcc, r-release-macos-arm64, r-release-macos-x86_64, r-oldrel-macos-arm64, r-oldrel-macos-x86_64
Version: 1.1.1
Check: installed package size
Result: NOTE
installed size is 16.5Mb
sub-directories of 1Mb or more:
libs 16.3Mb
Flavors: r-release-macos-arm64, r-release-macos-x86_64, r-oldrel-macos-arm64, r-oldrel-macos-x86_64