Last updated on 2023-02-06 23:55:54 CET.
Flavor | Version | Tinstall | Tcheck | Ttotal | Status | Flags |
---|---|---|---|---|---|---|
r-devel-linux-x86_64-debian-clang | 0.2.5 | 58.14 | 54.94 | 113.08 | NOTE | |
r-devel-linux-x86_64-debian-gcc | 0.2.5 | 44.87 | 41.62 | 86.49 | NOTE | |
r-devel-linux-x86_64-fedora-clang | 0.2.5 | 165.83 | NOTE | |||
r-devel-linux-x86_64-fedora-gcc | 0.2.5 | 142.00 | NOTE | |||
r-devel-windows-x86_64 | 0.2.5 | 71.00 | 114.00 | 185.00 | NOTE | |
r-patched-linux-x86_64 | 0.2.5 | 40.72 | 51.94 | 92.66 | OK | |
r-release-linux-x86_64 | 0.2.5 | 50.76 | 53.16 | 103.92 | OK | |
r-release-macos-arm64 | 0.2.5 | 34.00 | OK | |||
r-release-macos-x86_64 | 0.2.5 | 52.00 | OK | |||
r-release-windows-x86_64 | 0.2.5 | 78.00 | 106.00 | 184.00 | OK | |
r-oldrel-macos-arm64 | 0.2.5 | 34.00 | OK | |||
r-oldrel-macos-x86_64 | 0.2.5 | 49.00 | OK | |||
r-oldrel-windows-ix86+x86_64 | 0.2.5 | 140.00 | 111.00 | 251.00 | OK |
Version: 0.2.5
Check: C++ specification
Result: NOTE
Specified C++11: please update to current default of C++17
Flavors: r-devel-linux-x86_64-debian-clang, r-devel-linux-x86_64-debian-gcc, r-devel-linux-x86_64-fedora-clang, r-devel-linux-x86_64-fedora-gcc, r-devel-windows-x86_64