CRAN Package Check Results for Package publipha

Last updated on 2024-06-18 00:57:35 CEST.

Flavor Version Tinstall Tcheck Ttotal Status Flags
r-devel-linux-x86_64-debian-clang 0.1.2 418.30 168.07 586.37 NOTE
r-devel-linux-x86_64-debian-gcc 0.1.2 355.08 145.64 500.72 NOTE
r-devel-linux-x86_64-fedora-clang 0.1.2 727.36 NOTE
r-devel-linux-x86_64-fedora-gcc 0.1.2 986.84 NOTE
r-devel-windows-x86_64 0.1.2 333.00 165.00 498.00 NOTE
r-patched-linux-x86_64 0.1.2 318.90 194.77 513.67 NOTE
r-release-linux-x86_64 0.1.2 0.03 2.49 2.52 ERROR
r-release-macos-arm64 0.1.2 168.00 NOTE
r-release-macos-x86_64 0.1.2 297.00 NOTE
r-release-windows-x86_64 0.1.2 315.00 168.00 483.00 NOTE
r-oldrel-macos-arm64 0.1.2 173.00 NOTE
r-oldrel-macos-x86_64 0.1.2 277.00 NOTE
r-oldrel-windows-x86_64 0.1.2 425.00 205.00 630.00 OK

Check Details

Version: 0.1.2
Check: Rd files
Result: NOTE checkRd: (-1) ma.Rd:62: Lost braces 62 | \item{yi}{Numeric vector of length code{k} with observed effect size | ^ checkRd: (-1) ma.Rd:65: Lost braces 65 | \item{vi}{Numeric vector of length code{k} with sampling variances.} | ^ Flavors: r-devel-linux-x86_64-debian-clang, r-devel-linux-x86_64-debian-gcc, r-devel-linux-x86_64-fedora-clang, r-devel-linux-x86_64-fedora-gcc, r-devel-windows-x86_64, r-patched-linux-x86_64, r-release-macos-arm64, r-release-macos-x86_64, r-release-windows-x86_64

Version: 0.1.2
Check: data for non-ASCII characters
Result: NOTE Note: found 35 marked UTF-8 strings Flavors: r-devel-linux-x86_64-fedora-clang, r-devel-linux-x86_64-fedora-gcc

Version: 0.1.2
Check: for GNU extensions in Makefiles
Result: NOTE GNU make is a SystemRequirements. Flavors: r-devel-linux-x86_64-fedora-clang, r-devel-linux-x86_64-fedora-gcc, r-release-macos-arm64, r-release-macos-x86_64, r-oldrel-macos-arm64, r-oldrel-macos-x86_64

Version: 0.1.2
Check: whether package can be installed
Result: ERROR Installation failed. Flavor: r-release-linux-x86_64

Version: 0.1.2
Check: installed package size
Result: NOTE installed size is 61.0Mb sub-directories of 1Mb or more: libs 60.6Mb Flavors: r-release-macos-arm64, r-release-macos-x86_64, r-oldrel-macos-arm64, r-oldrel-macos-x86_64