Last updated on 2023-01-30 23:56:28 CET.
Flavor | Version | Tinstall | Tcheck | Ttotal | Status | Flags |
---|---|---|---|---|---|---|
r-devel-linux-x86_64-debian-clang | 0.1.1 | 294.03 | 117.23 | 411.26 | NOTE | |
r-devel-linux-x86_64-debian-gcc | 0.1.1 | 282.32 | 103.38 | 385.70 | NOTE | |
r-devel-linux-x86_64-fedora-clang | 0.1.1 | 564.55 | NOTE | |||
r-devel-linux-x86_64-fedora-gcc | 0.1.1 | 679.08 | NOTE | |||
r-devel-windows-x86_64 | 0.1.1 | 253.00 | 198.00 | 451.00 | NOTE | |
r-patched-linux-x86_64 | 0.1.1 | 241.44 | 132.09 | 373.53 | NOTE | |
r-release-linux-x86_64 | 0.1.1 | 239.80 | 132.10 | 371.90 | NOTE | |
r-release-macos-arm64 | 0.1.1 | 148.00 | NOTE | |||
r-release-macos-x86_64 | 0.1.1 | 240.00 | NOTE | |||
r-release-windows-x86_64 | 0.1.1 | 439.00 | 206.00 | 645.00 | NOTE | |
r-oldrel-macos-arm64 | 0.1.1 | 173.00 | NOTE | |||
r-oldrel-macos-x86_64 | 0.1.1 | 240.00 | NOTE | |||
r-oldrel-windows-ix86+x86_64 | 0.1.1 | 718.00 | 226.00 | 944.00 | NOTE |
Version: 0.1.1
Check: for GNU extensions in Makefiles
Result: NOTE
GNU make is a SystemRequirements.
Flavors: r-devel-linux-x86_64-debian-clang, r-devel-linux-x86_64-debian-gcc, r-devel-linux-x86_64-fedora-clang, r-devel-linux-x86_64-fedora-gcc, r-devel-windows-x86_64, r-patched-linux-x86_64, r-release-linux-x86_64, r-release-macos-arm64, r-release-macos-x86_64, r-release-windows-x86_64, r-oldrel-macos-arm64, r-oldrel-macos-x86_64, r-oldrel-windows-ix86+x86_64
Version: 0.1.1
Check: C++ specification
Result: NOTE
Specified C++14: please update to current default of C++17
Flavors: r-devel-linux-x86_64-debian-gcc, r-devel-linux-x86_64-fedora-clang, r-devel-linux-x86_64-fedora-gcc, r-devel-windows-x86_64
Version: 0.1.1
Check: data for non-ASCII characters
Result: NOTE
Note: found 35 marked UTF-8 strings
Flavors: r-devel-linux-x86_64-fedora-clang, r-devel-linux-x86_64-fedora-gcc, r-release-macos-arm64, r-release-macos-x86_64, r-oldrel-macos-arm64, r-oldrel-macos-x86_64
Version: 0.1.1
Check: installed package size
Result: NOTE
installed size is 48.7Mb
sub-directories of 1Mb or more:
libs 48.3Mb
Flavors: r-release-macos-arm64, r-release-macos-x86_64, r-oldrel-macos-arm64, r-oldrel-macos-x86_64, r-oldrel-windows-ix86+x86_64