CRAN Package Check Results for Package pubh

Last updated on 2021-09-18 23:50:02 CEST.

Flavor Version Tinstall Tcheck Ttotal Status Flags
r-devel-linux-x86_64-debian-clang 1.1.20 9.47 235.24 244.71 OK
r-devel-linux-x86_64-debian-gcc 1.1.20 7.84 162.32 170.16 OK
r-devel-linux-x86_64-fedora-clang 1.1.20 279.05 NOTE
r-devel-linux-x86_64-fedora-gcc 1.1.20 286.68 NOTE
r-devel-windows-x86_64 1.1.20 19.00 283.00 302.00 OK
r-devel-windows-x86_64-gcc10-UCRT 1.1.20 NOTE
r-patched-linux-x86_64 1.1.20 18.06 223.21 241.27 OK
r-patched-solaris-x86 1.1.20 391.30 NOTE
r-release-linux-x86_64 1.1.20 9.25 224.23 233.48 OK
r-release-macos-arm64 1.1.20 NOTE
r-release-macos-x86_64 1.1.20 NOTE
r-release-windows-ix86+x86_64 1.1.20 32.00 212.00 244.00 OK
r-oldrel-macos-x86_64 1.1.20 NOTE
r-oldrel-windows-ix86+x86_64 1.1.20 33.00 210.00 243.00 OK

Check Details

Version: 1.1.20
Check: dependencies in R code
Result: NOTE
    Namespace in Imports field not imported from: ‘Hmisc’
     All declared Imports should be used.
Flavors: r-devel-linux-x86_64-fedora-clang, r-devel-linux-x86_64-fedora-gcc, r-devel-windows-x86_64-gcc10-UCRT, r-patched-solaris-x86, r-release-macos-arm64, r-release-macos-x86_64, r-oldrel-macos-x86_64