CRAN Package Check Results for Package psychonetrics

Last updated on 2024-06-14 00:53:54 CEST.

Flavor Version Tinstall Tcheck Ttotal Status Flags
r-devel-linux-x86_64-debian-clang 0.12 1059.17 234.35 1293.52 OK
r-devel-linux-x86_64-debian-gcc 0.12 0.80 1.78 2.58 ERROR
r-devel-linux-x86_64-fedora-clang 0.12 1839.65 OK
r-devel-linux-x86_64-fedora-gcc 0.12 1958.09 OK
r-devel-windows-x86_64 0.12 768.00 209.00 977.00 OK
r-patched-linux-x86_64 0.12 763.04 216.69 979.73 OK
r-release-linux-x86_64 0.12 838.33 214.78 1053.11 OK
r-release-macos-arm64 0.12 236.00 NOTE
r-release-macos-x86_64 0.12 257.00 NOTE
r-release-windows-x86_64 0.12 750.00 209.00 959.00 OK
r-oldrel-macos-arm64 0.12 294.00 NOTE
r-oldrel-macos-x86_64 0.12 338.00 NOTE
r-oldrel-windows-x86_64 0.12 909.00 280.00 1189.00 OK

Check Details

Version: 0.12
Check: package dependencies
Result: ERROR Packages required but not available: 'qgraph', 'dplyr', 'optimx', 'VCA', 'IsingSampler', 'tidyr' Packages suggested but not available for checking: 'semPlot', 'graphicalVAR', 'ggplot2' See section ‘The DESCRIPTION file’ in the ‘Writing R Extensions’ manual. Flavor: r-devel-linux-x86_64-debian-gcc

Version: 0.12
Check: installed package size
Result: NOTE installed size is 28.4Mb sub-directories of 1Mb or more: libs 27.2Mb Flavors: r-release-macos-arm64, r-release-macos-x86_64, r-oldrel-macos-arm64, r-oldrel-macos-x86_64