CRAN Package Check Results for Package psycModel

Last updated on 2021-09-27 23:50:50 CEST.

Flavor Version Tinstall Tcheck Ttotal Status Flags
r-devel-linux-x86_64-debian-clang 0.3.2 8.30 221.93 230.23 OK
r-devel-linux-x86_64-debian-gcc 0.3.2 6.14 160.34 166.48 OK
r-devel-linux-x86_64-fedora-clang 0.3.2 268.57 NOTE
r-devel-linux-x86_64-fedora-gcc 0.3.2 274.95 NOTE
r-devel-windows-x86_64 0.3.2 11.00 202.00 213.00 OK
r-devel-windows-x86_64-gcc10-UCRT 0.3.2 NOTE
r-patched-linux-x86_64 0.3.2 7.79 214.32 222.11 OK
r-patched-solaris-x86 0.3.2 295.10 NOTE
r-release-linux-x86_64 0.3.2 6.47 208.59 215.06 OK
r-release-macos-arm64 0.3.2 NOTE
r-release-macos-x86_64 0.3.2 NOTE
r-release-windows-ix86+x86_64 0.3.2 16.00 202.00 218.00 OK
r-oldrel-macos-x86_64 0.3.2 NOTE
r-oldrel-windows-ix86+x86_64 0.3.2 11.00 194.00 205.00 OK

Check Details

Version: 0.3.2
Check: dependencies in R code
Result: NOTE
    Namespaces in Imports field not imported from:
     ‘lifecycle’ ‘patchwork’
     All declared Imports should be used.
Flavors: r-devel-linux-x86_64-fedora-clang, r-devel-linux-x86_64-fedora-gcc, r-devel-windows-x86_64-gcc10-UCRT, r-patched-solaris-x86, r-release-macos-arm64, r-release-macos-x86_64, r-oldrel-macos-x86_64