CRAN Package Check Results for Package provParseR

Last updated on 2021-05-16 23:47:08 CEST.

Flavor Version Tinstall Tcheck Ttotal Status Flags
r-devel-linux-x86_64-debian-clang 0.3 3.07 28.52 31.59 NOTE
r-devel-linux-x86_64-debian-gcc 0.3 2.12 22.50 24.62 NOTE
r-devel-linux-x86_64-fedora-clang 0.3 46.79 NOTE
r-devel-linux-x86_64-fedora-gcc 0.3 36.30 NOTE
r-devel-windows-ix86+x86_64 0.3 7.00 33.00 40.00 NOTE
r-devel-windows-x86_64-gcc10-UCRT 0.3 NOTE
r-patched-linux-x86_64 0.3 2.81 27.77 30.58 NOTE
r-patched-solaris-x86 0.3 57.30 NOTE
r-release-linux-x86_64 0.3 2.71 27.48 30.19 OK
r-release-macos-x86_64 0.3 OK
r-release-windows-ix86+x86_64 0.3 6.00 33.00 39.00 OK
r-oldrel-macos-x86_64 0.3 OK
r-oldrel-windows-ix86+x86_64 0.3 3.00 38.00 41.00 OK

Check Details

Version: 0.3
Check: LazyData
Result: NOTE
     'LazyData' is specified without a 'data' directory
Flavors: r-devel-linux-x86_64-debian-clang, r-devel-linux-x86_64-debian-gcc, r-devel-linux-x86_64-fedora-clang, r-devel-linux-x86_64-fedora-gcc, r-devel-windows-ix86+x86_64, r-devel-windows-x86_64-gcc10-UCRT, r-patched-linux-x86_64, r-patched-solaris-x86