CRAN Package Check Results for Package provDebugR

Last updated on 2021-11-28 23:50:36 CET.

Flavor Version Tinstall Tcheck Ttotal Status Flags
r-devel-linux-x86_64-debian-clang 1.0.1 NOTE
r-devel-linux-x86_64-debian-gcc 1.0.1 3.16 40.53 43.69 NOTE
r-devel-linux-x86_64-fedora-clang 1.0.1 79.63 NOTE
r-devel-linux-x86_64-fedora-gcc 1.0.1 66.78 NOTE
r-devel-windows-x86_64-new-UL 1.0.1 12.00 108.00 120.00 NOTE
r-devel-windows-x86_64-new-TK 1.0.1 NOTE
r-devel-windows-x86_64-old 1.0.1 5.00 80.00 85.00 NOTE
r-patched-linux-x86_64 1.0.1 4.12 51.17 55.29 NOTE
r-patched-solaris-x86 1.0.1 91.90 NOTE
r-release-linux-x86_64 1.0.1 3.78 50.85 54.63 NOTE
r-release-macos-arm64 1.0.1 NOTE
r-release-macos-x86_64 1.0.1 NOTE
r-release-windows-ix86+x86_64 1.0.1 8.00 54.00 62.00 NOTE
r-oldrel-macos-x86_64 1.0.1 NOTE
r-oldrel-windows-ix86+x86_64 1.0.1 6.00 74.00 80.00 NOTE

Check Details

Version: 1.0.1
Check: package dependencies
Result: NOTE
    Package suggested but not available for checking: 'rdt'
Flavors: r-devel-linux-x86_64-debian-clang, r-devel-linux-x86_64-debian-gcc, r-devel-linux-x86_64-fedora-clang, r-devel-linux-x86_64-fedora-gcc, r-devel-windows-x86_64-new-UL, r-devel-windows-x86_64-new-TK, r-devel-windows-x86_64-old, r-patched-linux-x86_64, r-patched-solaris-x86, r-release-linux-x86_64, r-release-macos-arm64, r-release-macos-x86_64, r-release-windows-ix86+x86_64, r-oldrel-macos-x86_64, r-oldrel-windows-ix86+x86_64