CRAN Package Check Results for Package protr

Last updated on 2021-10-24 23:51:58 CEST.

Flavor Version Tinstall Tcheck Ttotal Status Flags
r-devel-linux-x86_64-debian-clang 1.6-2 19.38 110.24 129.62 OK
r-devel-linux-x86_64-debian-gcc 1.6-2 15.81 82.34 98.15 OK
r-devel-linux-x86_64-fedora-clang 1.6-2 162.79 OK
r-devel-linux-x86_64-fedora-gcc 1.6-2 140.81 OK
r-devel-windows-x86_64 1.6-2 29.00 97.00 126.00 OK
r-devel-windows-x86_64-gcc10-UCRT 1.6-2 OK
r-patched-linux-x86_64 1.6-2 19.63 106.92 126.55 OK
r-patched-solaris-x86 1.6-2 176.60 OK
r-release-linux-x86_64 1.6-2 18.86 108.36 127.22 OK
r-release-macos-arm64 1.6-2 NOTE
r-release-macos-x86_64 1.6-2 NOTE
r-release-windows-ix86+x86_64 1.6-2 27.00 131.00 158.00 OK
r-oldrel-macos-x86_64 1.6-2 OK
r-oldrel-windows-ix86+x86_64 1.6-2 32.00 126.00 158.00 OK

Check Details

Version: 1.6-2
Check: package dependencies
Result: NOTE
    Packages suggested but not available for checking:
     'GOSemSim', 'org.Hs.eg.db'
Flavor: r-release-macos-arm64

Version: 1.6-2
Check: package dependencies
Result: NOTE
    Package suggested but not available for checking: ‘org.Hs.eg.db’
Flavor: r-release-macos-x86_64