CRAN Package Check Results for Package prome

Last updated on 2024-06-14 00:53:54 CEST.

Flavor Version Tinstall Tcheck Ttotal Status Flags
r-devel-linux-x86_64-debian-clang 1.9.1.0 1295.88 193.16 1489.04 NOTE
r-devel-linux-x86_64-debian-gcc 1.9.1.0 0.36 1.75 2.11 ERROR
r-devel-linux-x86_64-fedora-clang 1.9.1.0 1773.70 NOTE
r-devel-linux-x86_64-fedora-gcc 1.9.1.0 2782.94 NOTE
r-devel-windows-x86_64 1.9.1.0 984.00 246.00 1230.00 NOTE
r-patched-linux-x86_64 1.9.1.0 956.47 291.20 1247.67 NOTE
r-release-linux-x86_64 1.9.1.0 0.02 2.45 2.47 ERROR
r-release-macos-arm64 1.9.1.0 430.00 NOTE
r-release-macos-x86_64 1.9.1.0 450.00 NOTE
r-release-windows-x86_64 1.9.1.0 998.00 236.00 1234.00 NOTE
r-oldrel-macos-arm64 1.9.1.0 663.00 NOTE
r-oldrel-macos-x86_64 1.9.1.0 672.00 NOTE
r-oldrel-windows-x86_64 1.9.1.0 1261.00 306.00 1567.00 NOTE

Check Details

Version: 1.9.1.0
Check: for GNU extensions in Makefiles
Result: NOTE GNU make is a SystemRequirements. Flavors: r-devel-linux-x86_64-debian-clang, r-devel-linux-x86_64-fedora-clang, r-devel-linux-x86_64-fedora-gcc, r-devel-windows-x86_64, r-patched-linux-x86_64, r-release-macos-arm64, r-release-macos-x86_64, r-release-windows-x86_64, r-oldrel-macos-arm64, r-oldrel-macos-x86_64, r-oldrel-windows-x86_64

Version: 1.9.1.0
Check: package dependencies
Result: ERROR Package required but not available: ‘rstan’ See section ‘The DESCRIPTION file’ in the ‘Writing R Extensions’ manual. Flavor: r-devel-linux-x86_64-debian-gcc

Version: 1.9.1.0
Check: installed package size
Result: NOTE installed size is 10.6Mb sub-directories of 1Mb or more: libs 10.2Mb Flavors: r-devel-linux-x86_64-fedora-clang, r-devel-windows-x86_64, r-release-macos-arm64, r-release-macos-x86_64, r-release-windows-x86_64, r-oldrel-macos-arm64, r-oldrel-macos-x86_64, r-oldrel-windows-x86_64

Version: 1.9.1.0
Check: dependencies in R code
Result: NOTE Namespace in Imports field not imported from: ‘RcppParallel’ All declared Imports should be used. Flavors: r-devel-linux-x86_64-fedora-clang, r-devel-linux-x86_64-fedora-gcc

Version: 1.9.1.0
Check: whether package can be installed
Result: ERROR Installation failed. Flavor: r-release-linux-x86_64