CRAN Package Check Results for Package profile

Last updated on 2024-07-22 00:50:45 CEST.

Flavor Version Tinstall Tcheck Ttotal Status Flags
r-devel-linux-x86_64-debian-clang 1.0.3 5.86 49.33 55.19 OK
r-devel-linux-x86_64-debian-gcc 1.0.3 3.64 36.54 40.18 NOTE
r-devel-linux-x86_64-fedora-clang 1.0.3 66.64 OK
r-devel-linux-x86_64-fedora-gcc 1.0.3 62.98 OK
r-devel-windows-x86_64 1.0.3 5.00 57.00 62.00 NOTE
r-patched-linux-x86_64 1.0.3 9.39 45.43 54.82 OK
r-release-linux-x86_64 1.0.3 5.21 47.26 52.47 OK
r-release-macos-arm64 1.0.3 23.00 OK
r-release-macos-x86_64 1.0.3 52.00 OK
r-release-windows-x86_64 1.0.3 5.00 56.00 61.00 OK
r-oldrel-macos-arm64 1.0.3 23.00 OK
r-oldrel-macos-x86_64 1.0.3 35.00 OK
r-oldrel-windows-x86_64 1.0.3 7.00 62.00 69.00 OK

Check Details

Version: 1.0.3
Check: Rd cross-references
Result: NOTE Found the following Rd file(s) with Rd \link{} targets missing package anchors: validate_profile.Rd: tibble Please provide package anchors for all Rd \link{} targets not in the package itself and the base packages. Flavors: r-devel-linux-x86_64-debian-gcc, r-devel-windows-x86_64