CRAN Package Check Results for Package processmapR

Last updated on 2022-10-05 23:55:08 CEST.

Flavor Version Tinstall Tcheck Ttotal Status Flags
r-devel-linux-x86_64-debian-clang 0.5.2 32.47 141.85 174.32 OK
r-devel-linux-x86_64-debian-gcc 0.5.2 23.46 95.60 119.06 OK
r-devel-linux-x86_64-fedora-clang 0.5.2 220.76 NOTE
r-devel-linux-x86_64-fedora-gcc 0.5.2 195.56 OK
r-devel-windows-x86_64 0.5.2 39.00 158.00 197.00 OK
r-patched-linux-x86_64 0.5.2 35.66 115.09 150.75 OK
r-release-linux-x86_64 0.5.1 19.86 99.96 119.82 OK
r-release-macos-arm64 0.5.1 47.00 OK
r-release-macos-x86_64 0.5.2 76.00 OK
r-release-windows-x86_64 0.5.2 27.00 145.00 172.00 OK
r-oldrel-macos-arm64 0.5.1 45.00 OK
r-oldrel-macos-x86_64 0.5.2 80.00 OK
r-oldrel-windows-ix86+x86_64 0.5.2 71.00 213.00 284.00 OK

Check Details

Version: 0.5.2
Check: package dependencies
Result: NOTE
    Imports includes 21 non-default packages.
    Importing from so many packages makes the package vulnerable to any of
    them becoming unavailable. Move as many as possible to Suggests and
    use conditionally.
Flavor: r-devel-linux-x86_64-fedora-clang