Last updated on 2022-05-27 23:54:53 CEST.
Flavor | Version | Tinstall | Tcheck | Ttotal | Status | Flags |
---|---|---|---|---|---|---|
r-devel-linux-x86_64-debian-clang | 0.1.1 | 3.15 | 60.30 | 63.45 | OK | |
r-devel-linux-x86_64-debian-gcc | 0.1.1 | 2.58 | 45.72 | 48.30 | OK | |
r-devel-linux-x86_64-fedora-clang | 0.1.1 | 78.56 | NOTE | |||
r-devel-linux-x86_64-fedora-gcc | 0.1.1 | 62.48 | NOTE | |||
r-devel-windows-x86_64 | 0.1.1 | 25.00 | 88.00 | 113.00 | OK | |
r-patched-linux-x86_64 | 0.1.1 | 3.72 | 56.27 | 59.99 | OK | |
r-release-linux-x86_64 | 0.1.1 | 3.64 | 57.95 | 61.59 | OK | |
r-release-macos-arm64 | 0.1.1 | 27.00 | NOTE | |||
r-release-macos-x86_64 | 0.1.1 | 43.00 | NOTE | |||
r-release-windows-x86_64 | 0.1.1 | 31.00 | 88.00 | 119.00 | OK | |
r-oldrel-macos-arm64 | 0.1.1 | 34.00 | NOTE | |||
r-oldrel-macos-x86_64 | 0.1.1 | 40.00 | NOTE | |||
r-oldrel-windows-ix86+x86_64 | 0.1.1 | 10.00 | 92.00 | 102.00 | OK |
Version: 0.1.1
Check: dependencies in R code
Result: NOTE
Namespace in Imports field not imported from: ‘badger’
All declared Imports should be used.
Flavors: r-devel-linux-x86_64-fedora-clang, r-devel-linux-x86_64-fedora-gcc, r-release-macos-arm64, r-release-macos-x86_64, r-oldrel-macos-arm64, r-oldrel-macos-x86_64