CRAN Package Check Results for Package preputils

Last updated on 2021-08-03 23:52:22 CEST.

Flavor Version Tinstall Tcheck Ttotal Status Flags
r-devel-linux-x86_64-debian-clang 1.0.3 2.62 29.33 31.95 NOTE
r-devel-linux-x86_64-debian-gcc 1.0.3 1.79 22.51 24.30 NOTE
r-devel-linux-x86_64-fedora-clang 1.0.3 47.42 NOTE
r-devel-linux-x86_64-fedora-gcc 1.0.3 36.07 NOTE
r-devel-windows-x86_64 1.0.3 4.00 43.00 47.00 NOTE
r-devel-windows-x86_64-gcc10-UCRT 1.0.3 NOTE
r-patched-linux-x86_64 1.0.3 2.35 27.56 29.91 NOTE
r-patched-solaris-x86 1.0.3 57.60 NOTE
r-release-linux-x86_64 1.0.3 2.66 27.63 30.29 NOTE
r-release-macos-arm64 1.0.3 NOTE
r-release-macos-x86_64 1.0.3 NOTE
r-release-windows-ix86+x86_64 1.0.3 6.00 43.00 49.00 NOTE
r-oldrel-macos-x86_64 1.0.3 OK
r-oldrel-windows-ix86+x86_64 1.0.3 9.00 46.00 55.00 OK

Check Details

Version: 1.0.3
Check: LazyData
Result: NOTE
     'LazyData' is specified without a 'data' directory
Flavors: r-devel-linux-x86_64-debian-clang, r-devel-linux-x86_64-debian-gcc, r-devel-linux-x86_64-fedora-clang, r-devel-linux-x86_64-fedora-gcc, r-devel-windows-x86_64, r-devel-windows-x86_64-gcc10-UCRT, r-patched-linux-x86_64, r-patched-solaris-x86, r-release-linux-x86_64, r-release-macos-arm64, r-release-macos-x86_64, r-release-windows-ix86+x86_64