CRAN Package Check Results for Package pre

Last updated on 2021-10-18 23:49:41 CEST.

Flavor Version Tinstall Tcheck Ttotal Status Flags
r-devel-linux-x86_64-debian-clang 1.0.1 14.36 134.20 148.56 OK
r-devel-linux-x86_64-debian-gcc 1.0.1 10.91 100.64 111.55 OK
r-devel-linux-x86_64-fedora-clang 1.0.1 184.77 NOTE
r-devel-linux-x86_64-fedora-gcc 1.0.1 169.28 OK
r-devel-windows-x86_64 1.0.1 21.00 174.00 195.00 OK
r-devel-windows-x86_64-gcc10-UCRT 1.0.1 OK
r-patched-linux-x86_64 1.0.1 13.54 128.15 141.69 OK
r-patched-solaris-x86 1.0.1 246.90 OK
r-release-linux-x86_64 1.0.1 12.04 129.10 141.14 OK
r-release-macos-arm64 1.0.1 OK
r-release-macos-x86_64 1.0.1 OK
r-release-windows-ix86+x86_64 1.0.1 20.00 174.00 194.00 OK
r-oldrel-macos-x86_64 1.0.1 OK
r-oldrel-windows-ix86+x86_64 1.0.1 27.00 177.00 204.00 OK

Check Details

Version: 1.0.1
Check: Rd cross-references
Result: NOTE
    Undeclared package ‘colorspace’ in Rd xrefs
Flavor: r-devel-linux-x86_64-fedora-clang