CRAN Package Check Results for Package prclust

Last updated on 2021-12-01 23:51:46 CET.

Flavor Version Tinstall Tcheck Ttotal Status Flags
r-devel-linux-x86_64-debian-clang 1.3 20.43 28.61 49.04 OK
r-devel-linux-x86_64-debian-gcc 1.3 15.08 23.35 38.43 OK
r-devel-linux-x86_64-fedora-clang 1.3 80.16 NOTE
r-devel-linux-x86_64-fedora-gcc 1.3 63.49 NOTE
r-devel-windows-x86_64-new-UL 1.3 33.00 85.00 118.00 OK
r-devel-windows-x86_64-new-TK 1.3 OK
r-devel-windows-x86_64-old 1.3 28.00 42.00 70.00 OK
r-patched-linux-x86_64 1.3 19.53 27.51 47.04 OK
r-patched-solaris-x86 1.3 79.20 OK
r-release-linux-x86_64 1.3 17.15 27.03 44.18 OK
r-release-macos-arm64 1.3 OK
r-release-macos-x86_64 1.3 OK
r-release-windows-ix86+x86_64 1.3 53.00 71.00 124.00 OK
r-oldrel-macos-x86_64 1.3 OK
r-oldrel-windows-ix86+x86_64 1.3 54.00 69.00 123.00 OK

Check Details

Version: 1.3
Check: compiled code
Result: NOTE
    File ‘prclust/libs/prclust.so’:
     Found no calls to: ‘R_registerRoutines’, ‘R_useDynamicSymbols’
    
    It is good practice to register native routines and to disable symbol
    search.
    
    See ‘Writing portable packages’ in the ‘Writing R Extensions’ manual.
Flavors: r-devel-linux-x86_64-fedora-clang, r-devel-linux-x86_64-fedora-gcc