CRAN Package Check Results for Package praatpicture

Last updated on 2024-06-25 00:58:11 CEST.

Flavor Version Tinstall Tcheck Ttotal Status Flags
r-devel-linux-x86_64-debian-clang 1.2.0 4.42 45.12 49.54 OK
r-devel-linux-x86_64-debian-gcc 1.2.0 4.03 33.33 37.36 OK
r-devel-linux-x86_64-fedora-clang 1.2.0 62.13 NOTE
r-devel-linux-x86_64-fedora-gcc 1.2.0 58.13 NOTE
r-devel-windows-x86_64 1.2.0 6.00 58.00 64.00 OK
r-patched-linux-x86_64 1.2.0 3.64 43.82 47.46 OK
r-release-linux-x86_64 1.2.0 3.27 41.82 45.09 OK
r-release-macos-arm64 1.2.0 22.00 OK
r-release-macos-x86_64 1.2.0 31.00 OK
r-release-windows-x86_64 1.2.0 6.00 59.00 65.00 OK
r-oldrel-macos-arm64 1.2.0 27.00 OK
r-oldrel-macos-x86_64 1.2.0 59.00 OK
r-oldrel-windows-x86_64 1.2.0 7.00 66.00 73.00 OK

Check Details

Version: 1.2.0
Check: dependencies in R code
Result: NOTE Namespaces in Imports field not imported from: ‘bslib’ ‘shinyjs’ All declared Imports should be used. Flavors: r-devel-linux-x86_64-fedora-clang, r-devel-linux-x86_64-fedora-gcc