Last updated on 2023-06-09 00:54:30 CEST.
Flavor | Version | Tinstall | Tcheck | Ttotal | Status | Flags |
---|---|---|---|---|---|---|
r-devel-linux-x86_64-debian-clang | 1.0.5 | 2.34 | 29.18 | 31.52 | NOTE | |
r-devel-linux-x86_64-debian-gcc | 1.0.5 | 2.02 | 22.65 | 24.67 | NOTE | |
r-devel-linux-x86_64-fedora-clang | 1.0.5 | 39.95 | NOTE | |||
r-devel-linux-x86_64-fedora-gcc | 1.0.5 | 37.21 | NOTE | |||
r-devel-windows-x86_64 | 1.0.5 | 3.00 | 51.00 | 54.00 | NOTE | |
r-patched-linux-x86_64 | 1.0.5 | 1.97 | 28.23 | 30.20 | NOTE | |
r-release-linux-x86_64 | 1.0.5 | 2.49 | 28.13 | 30.62 | NOTE | |
r-release-macos-arm64 | 1.0.5 | 19.00 | NOTE | |||
r-release-macos-x86_64 | 1.0.5 | 23.00 | NOTE | |||
r-release-windows-x86_64 | 1.0.5 | 4.00 | 49.00 | 53.00 | NOTE | |
r-oldrel-macos-arm64 | 1.0.5 | 17.00 | NOTE | |||
r-oldrel-macos-x86_64 | 1.0.5 | 29.00 | NOTE | |||
r-oldrel-windows-x86_64 | 1.0.5 | 5.00 | 51.00 | 56.00 | NOTE |
Version: 1.0.5
Check: LazyData
Result: NOTE
'LazyData' is specified without a 'data' directory
Flavors: r-devel-linux-x86_64-debian-clang, r-devel-linux-x86_64-debian-gcc, r-devel-linux-x86_64-fedora-clang, r-devel-linux-x86_64-fedora-gcc, r-devel-windows-x86_64, r-patched-linux-x86_64, r-release-linux-x86_64, r-release-macos-arm64, r-release-macos-x86_64, r-release-windows-x86_64, r-oldrel-macos-arm64, r-oldrel-macos-x86_64, r-oldrel-windows-x86_64