CRAN Package Check Results for Package poweRlaw

Last updated on 2024-07-14 00:55:31 CEST.

Flavor Version Tinstall Tcheck Ttotal Status Flags
r-devel-linux-x86_64-debian-clang 0.80.0 7.63 155.59 163.22 OK
r-devel-linux-x86_64-debian-gcc 0.80.0 8.11 117.40 125.51 OK
r-devel-linux-x86_64-fedora-clang 0.80.0 207.57 OK
r-devel-linux-x86_64-fedora-gcc 0.80.0 213.60 OK
r-devel-windows-x86_64 0.80.0 8.00 225.00 233.00 OK
r-patched-linux-x86_64 0.80.0 10.22 152.44 162.66 OK
r-release-linux-x86_64 0.80.0 9.38 153.35 162.73 OK
r-release-macos-arm64 0.80.0 71.00 OK
r-release-macos-x86_64 0.80.0 100.00 WARN
r-release-windows-x86_64 0.80.0 10.00 224.00 234.00 OK
r-oldrel-macos-arm64 0.80.0 84.00 OK
r-oldrel-macos-x86_64 0.80.0 223.00 OK
r-oldrel-windows-x86_64 0.80.0 9.00 219.00 228.00 OK

Check Details

Version: 0.80.0
Check: re-building of vignette outputs
Result: WARN Error(s) in re-building vignettes: --- re-building ‘a_introduction.Rnw’ using knitr Error: processing vignette 'a_introduction.Rnw' failed with diagnostics: Running 'texi2dvi' on 'a_introduction.tex' failed. LaTeX errors: ! Undefined control sequence. l.104 \hlkwd{install.packages}\hldef {(}\hlsng{"poweRlaw"}\hldef{)} ? ! Emergency stop. ! Emergency stop. l.104 End of file on the terminal! ! ==> Fatal error occurred, no output PDF file produced! --- failed re-building ‘a_introduction.Rnw’ --- re-building ‘b_powerlaw_examples.Rnw’ using knitr Error: processing vignette 'b_powerlaw_examples.Rnw' failed with diagnostics: Running 'texi2dvi' on 'b_powerlaw_examples.tex' failed. LaTeX errors: ! Undefined control sequence. l.102 \hlkwd{library}\hldef {(}\hlsng{"poweRlaw"}\hldef{)} ? ! Emergency stop. ! Emergency stop. l.102 End of file on the terminal! ! ==> Fatal error occurred, no output PDF file produced! --- failed re-building ‘b_powerlaw_examples.Rnw’ --- re-building ‘c_comparing_distributions.Rnw’ using knitr Error: processing vignette 'c_comparing_distributions.Rnw' failed with diagnostics: Running 'texi2dvi' on 'c_comparing_distributions.tex' failed. LaTeX errors: ! Undefined control sequence. l.121 \hlkwd{library}\hldef {(}\hlsng{"poweRlaw"}\hldef{)} ? ! Emergency stop. ! Emergency stop. l.121 End of file on the terminal! ! ==> Fatal error occurred, no output PDF file produced! --- failed re-building ‘c_comparing_distributions.Rnw’ --- re-building ‘d_jss_paper.Rnw’ using Sweave --- finished re-building ‘d_jss_paper.Rnw’ SUMMARY: processing the following files failed: ‘a_introduction.Rnw’ ‘b_powerlaw_examples.Rnw’ ‘c_comparing_distributions.Rnw’ Error: Vignette re-building failed. Execution halted Flavor: r-release-macos-x86_64