CRAN Package Check Results for Package postlogic

Last updated on 2022-01-23 23:50:25 CET.

Flavor Version Tinstall Tcheck Ttotal Status Flags
r-devel-linux-x86_64-debian-clang 0.1.0.1 1.88 28.81 30.69 NOTE
r-devel-linux-x86_64-debian-gcc 0.1.0.1 1.43 24.98 26.41 NOTE
r-devel-linux-x86_64-fedora-clang 0.1.0.1 38.83 NOTE
r-devel-linux-x86_64-fedora-gcc 0.1.0.1 27.73 NOTE
r-devel-windows-x86_64-new-UL 0.1.0.1 20.00 47.00 67.00 NOTE
r-devel-windows-x86_64-new-TK 0.1.0.1 NOTE
r-patched-linux-x86_64 0.1.0.1 1.52 28.22 29.74 NOTE
r-release-linux-x86_64 0.1.0.1 1.59 27.87 29.46 NOTE
r-release-macos-arm64 0.1.0.1 NOTE
r-release-macos-x86_64 0.1.0.1 NOTE
r-release-windows-ix86+x86_64 0.1.0.1 4.00 36.00 40.00 NOTE
r-oldrel-macos-x86_64 0.1.0.1 OK
r-oldrel-windows-ix86+x86_64 0.1.0.1 4.00 36.00 40.00 OK

Check Details

Version: 0.1.0.1
Check: LazyData
Result: NOTE
     'LazyData' is specified without a 'data' directory
Flavors: r-devel-linux-x86_64-debian-clang, r-devel-linux-x86_64-debian-gcc, r-devel-linux-x86_64-fedora-clang, r-devel-linux-x86_64-fedora-gcc, r-devel-windows-x86_64-new-UL, r-devel-windows-x86_64-new-TK, r-patched-linux-x86_64, r-release-linux-x86_64, r-release-macos-arm64, r-release-macos-x86_64, r-release-windows-ix86+x86_64