CRAN Package Check Results for Package postcards

Last updated on 2024-06-14 23:54:32 CEST.

Flavor Version Tinstall Tcheck Ttotal Status Flags
r-devel-linux-x86_64-debian-clang 0.2.3 2.56 22.53 25.09 OK
r-devel-linux-x86_64-debian-gcc 0.2.3 1.59 17.79 19.38 OK
r-devel-linux-x86_64-fedora-clang 0.2.3 31.17 NOTE
r-devel-linux-x86_64-fedora-gcc 0.2.3 29.55 OK
r-devel-windows-x86_64 0.2.3 3.00 38.00 41.00 OK
r-patched-linux-x86_64 0.2.3 2.96 21.71 24.67 OK
r-release-linux-x86_64 0.2.3 2.30 21.50 23.80 OK
r-release-macos-arm64 0.2.3 15.00 OK
r-release-macos-x86_64 0.2.3 21.00 OK
r-release-windows-x86_64 0.2.3 4.00 40.00 44.00 OK
r-oldrel-macos-arm64 0.2.3 15.00 OK
r-oldrel-macos-x86_64 0.2.3 20.00 OK
r-oldrel-windows-x86_64 0.2.3 4.00 41.00 45.00 OK

Check Details

Version: 0.2.3
Check: Rd cross-references
Result: NOTE Undeclared package ‘bslib’ in Rd xrefs Flavor: r-devel-linux-x86_64-fedora-clang