CRAN Package Check Results for Package portes

Last updated on 2021-09-23 23:50:16 CEST.

Flavor Version Tinstall Tcheck Ttotal Status Flags
r-devel-linux-x86_64-debian-clang 5.0 9.13 95.10 104.23 OK
r-devel-linux-x86_64-debian-gcc 5.0 7.46 70.28 77.74 OK
r-devel-linux-x86_64-fedora-clang 5.0 133.69 NOTE
r-devel-linux-x86_64-fedora-gcc 5.0 117.76 OK
r-devel-windows-x86_64 5.0 12.00 94.00 106.00 OK
r-devel-windows-x86_64-gcc10-UCRT 5.0 OK
r-patched-linux-x86_64 5.0 7.97 89.30 97.27 OK
r-patched-solaris-x86 5.0 168.90 OK
r-release-linux-x86_64 5.0 9.06 89.45 98.51 OK
r-release-macos-arm64 5.0 OK
r-release-macos-x86_64 5.0 OK
r-release-windows-ix86+x86_64 5.0 21.00 93.00 114.00 OK
r-oldrel-macos-x86_64 5.0 OK
r-oldrel-windows-ix86+x86_64 5.0 17.00 93.00 110.00 OK

Check Details

Version: 5.0
Check: Rd cross-references
Result: NOTE
    Undeclared package ‘TSA’ in Rd xrefs
Flavor: r-devel-linux-x86_64-fedora-clang