CRAN Package Check Results for Package porridge

Last updated on 2023-01-26 23:55:59 CET.

Flavor Version Tinstall Tcheck Ttotal Status Flags
r-devel-linux-x86_64-debian-clang 0.3.1 73.52 89.49 163.01 OK
r-devel-linux-x86_64-debian-gcc 0.3.1 54.77 68.93 123.70 OK
r-devel-linux-x86_64-fedora-clang 0.3.1 207.63 OK
r-devel-linux-x86_64-fedora-gcc 0.3.1 196.32 OK
r-patched-linux-x86_64 0.3.1 58.25 86.89 145.14 OK
r-release-linux-x86_64 0.3.1 63.39 87.92 151.31 OK
r-release-macos-arm64 0.3.1 65.00 NOTE
r-release-macos-x86_64 0.3.1 70.00 NOTE
r-release-windows-x86_64 0.3.1 58.00 148.00 206.00 OK
r-oldrel-macos-arm64 0.3.1 62.00 NOTE
r-oldrel-macos-x86_64 0.3.1 67.00 NOTE
r-oldrel-windows-ix86+x86_64 0.3.1 140.00 149.00 289.00 OK

Check Details

Version: 0.3.1
Check: installed package size
Result: NOTE
     installed size is 6.8Mb
     sub-directories of 1Mb or more:
     libs 6.5Mb
Flavors: r-release-macos-arm64, r-release-macos-x86_64, r-oldrel-macos-arm64, r-oldrel-macos-x86_64