CRAN Package Check Results for Package popdemo

Last updated on 2021-09-23 23:50:16 CEST.

Flavor Version Tinstall Tcheck Ttotal Status Flags
r-devel-linux-x86_64-debian-clang 1.3-0 12.47 116.54 129.01 OK
r-devel-linux-x86_64-debian-gcc 1.3-0 9.60 86.00 95.60 OK
r-devel-linux-x86_64-fedora-clang 1.3-0 162.06 NOTE
r-devel-linux-x86_64-fedora-gcc 1.3-0 146.50 OK
r-devel-windows-x86_64 1.3-0 14.00 101.00 115.00 NOTE
r-devel-windows-x86_64-gcc10-UCRT 1.3-0 OK
r-patched-linux-x86_64 1.3-0 11.16 89.47 100.63 OK
r-patched-solaris-x86 1.3-0 188.50 NOTE
r-release-linux-x86_64 1.3-0 11.59 89.35 100.94 OK
r-release-macos-arm64 1.3-0 NOTE
r-release-macos-x86_64 1.3-0 NOTE
r-release-windows-ix86+x86_64 1.3-0 25.00 87.00 112.00 NOTE
r-oldrel-macos-x86_64 1.3-0 NOTE
r-oldrel-windows-ix86+x86_64 1.3-0 19.00 89.00 108.00 NOTE

Check Details

Version: 1.3-0
Check: installed package size
Result: NOTE
     installed size is 5.4Mb
     sub-directories of 1Mb or more:
     doc 4.9Mb
Flavors: r-devel-linux-x86_64-fedora-clang, r-devel-windows-x86_64, r-patched-solaris-x86, r-release-macos-arm64, r-release-macos-x86_64, r-release-windows-ix86+x86_64, r-oldrel-macos-x86_64, r-oldrel-windows-ix86+x86_64