CRAN Package Check Results for Package pool

Last updated on 2021-12-08 23:49:26 CET.

Flavor Version Tinstall Tcheck Ttotal Status Flags
r-devel-linux-x86_64-debian-clang 0.1.6 5.78 54.39 60.17 NOTE
r-devel-linux-x86_64-debian-gcc 0.1.6 4.85 43.67 48.52 NOTE
r-devel-linux-x86_64-fedora-clang 0.1.6 77.90 NOTE
r-devel-linux-x86_64-fedora-gcc 0.1.6 62.25 NOTE
r-devel-windows-x86_64-new-UL 0.1.6 20.00 101.00 121.00 NOTE
r-devel-windows-x86_64-new-TK 0.1.6 NOTE
r-devel-windows-x86_64-old 0.1.6 13.00 59.00 72.00 NOTE
r-patched-linux-x86_64 0.1.6 5.53 51.94 57.47 NOTE
r-release-linux-x86_64 0.1.6 5.99 52.60 58.59 NOTE
r-release-macos-arm64 0.1.6 NOTE
r-release-macos-x86_64 0.1.6 NOTE
r-release-windows-ix86+x86_64 0.1.6 13.00 77.00 90.00 NOTE
r-oldrel-macos-x86_64 0.1.6 OK
r-oldrel-windows-ix86+x86_64 0.1.6 14.00 76.00 90.00 OK

Check Details

Version: 0.1.6
Check: LazyData
Result: NOTE
     'LazyData' is specified without a 'data' directory
Flavors: r-devel-linux-x86_64-debian-clang, r-devel-linux-x86_64-debian-gcc, r-devel-linux-x86_64-fedora-clang, r-devel-linux-x86_64-fedora-gcc, r-devel-windows-x86_64-new-UL, r-devel-windows-x86_64-new-TK, r-devel-windows-x86_64-old, r-patched-linux-x86_64, r-release-linux-x86_64, r-release-macos-arm64, r-release-macos-x86_64, r-release-windows-ix86+x86_64