CRAN Package Check Results for Package polypoly

Last updated on 2021-10-24 23:51:57 CEST.

Flavor Version Tinstall Tcheck Ttotal Status Flags
r-devel-linux-x86_64-debian-clang 0.0.2 2.04 39.95 41.99 NOTE
r-devel-linux-x86_64-debian-gcc 0.0.2 1.67 30.13 31.80 NOTE
r-devel-linux-x86_64-fedora-clang 0.0.2 59.89 NOTE
r-devel-linux-x86_64-fedora-gcc 0.0.2 49.84 NOTE
r-devel-windows-x86_64 0.0.2 5.00 67.00 72.00 NOTE
r-devel-windows-x86_64-gcc10-UCRT 0.0.2 NOTE
r-patched-linux-x86_64 0.0.2 2.19 37.54 39.73 NOTE
r-patched-solaris-x86 0.0.2 72.50 NOTE
r-release-linux-x86_64 0.0.2 2.12 36.36 38.48 NOTE
r-release-macos-arm64 0.0.2 NOTE
r-release-macos-x86_64 0.0.2 NOTE
r-release-windows-ix86+x86_64 0.0.2 5.00 59.00 64.00 NOTE
r-oldrel-macos-x86_64 0.0.2 OK
r-oldrel-windows-ix86+x86_64 0.0.2 6.00 58.00 64.00 OK

Check Details

Version: 0.0.2
Check: LazyData
Result: NOTE
     'LazyData' is specified without a 'data' directory
Flavors: r-devel-linux-x86_64-debian-clang, r-devel-linux-x86_64-debian-gcc, r-devel-linux-x86_64-fedora-clang, r-devel-linux-x86_64-fedora-gcc, r-devel-windows-x86_64, r-devel-windows-x86_64-gcc10-UCRT, r-patched-linux-x86_64, r-patched-solaris-x86, r-release-linux-x86_64, r-release-macos-arm64, r-release-macos-x86_64, r-release-windows-ix86+x86_64