CRAN Package Check Results for Package polynom

Last updated on 2021-10-23 23:50:21 CEST.

Flavor Version Tinstall Tcheck Ttotal Status Flags
r-devel-linux-x86_64-debian-clang 1.4-0 3.05 32.32 35.37 NOTE
r-devel-linux-x86_64-debian-gcc 1.4-0 2.10 25.31 27.41 NOTE
r-devel-linux-x86_64-fedora-clang 1.4-0 53.63 OK
r-devel-linux-x86_64-fedora-gcc 1.4-0 42.83 OK
r-devel-windows-x86_64 1.4-0 4.00 50.00 54.00 NOTE
r-devel-windows-x86_64-gcc10-UCRT 1.4-0 OK
r-patched-linux-x86_64 1.4-0 2.70 31.27 33.97 NOTE
r-patched-solaris-x86 1.4-0 54.40 OK
r-release-linux-x86_64 1.4-0 2.33 31.10 33.43 NOTE
r-release-macos-arm64 1.4-0 OK
r-release-macos-x86_64 1.4-0 WARN
r-release-windows-ix86+x86_64 1.4-0 6.00 63.00 69.00 NOTE
r-oldrel-macos-x86_64 1.4-0 OK
r-oldrel-windows-ix86+x86_64 1.4-0 26.00 66.00 92.00 NOTE

Check Details

Version: 1.4-0
Check: package vignettes
Result: NOTE
    Package vignette with placeholder title 'Vignette Title':
     'polynomials.Rmd'
Flavors: r-devel-linux-x86_64-debian-clang, r-devel-linux-x86_64-debian-gcc, r-devel-windows-x86_64, r-patched-linux-x86_64, r-release-linux-x86_64, r-release-windows-ix86+x86_64, r-oldrel-windows-ix86+x86_64

Version: 1.4-0
Check: re-building of vignette outputs
Result: WARN
    Error(s) in re-building vignettes:
     ...
    --- re-building ‘polynomials.Rmd’ using rmarkdown
    Warning in engine$weave(file, quiet = quiet, encoding = enc) :
     Pandoc (>= 1.12.3) not available. Falling back to R Markdown v1.
    Error: processing vignette 'polynomials.Rmd' failed with diagnostics:
    there is no package called 'stringi'
    --- failed re-building ‘polynomials.Rmd’
    
    SUMMARY: processing the following file failed:
     ‘polynomials.Rmd’
    
    Error: Vignette re-building failed.
    Execution halted
Flavor: r-release-macos-x86_64