CRAN Package Check Results for Package polylabelr

Last updated on 2022-01-22 23:52:18 CET.

Flavor Version Tinstall Tcheck Ttotal Status Flags
r-devel-linux-x86_64-debian-clang 0.2.0 19.70 38.56 58.26 NOTE
r-devel-linux-x86_64-debian-gcc 0.2.0 12.82 29.64 42.46 NOTE
r-devel-linux-x86_64-fedora-clang 0.2.0 77.61 NOTE
r-devel-linux-x86_64-fedora-gcc 0.2.0 62.09 NOTE
r-devel-windows-x86_64-new-UL 0.2.0 59.00 76.00 135.00 NOTE
r-devel-windows-x86_64-new-TK 0.2.0 NOTE
r-patched-linux-x86_64 0.2.0 16.09 37.58 53.67 NOTE
r-release-linux-x86_64 0.2.0 16.50 36.52 53.02 NOTE
r-release-macos-arm64 0.2.0 NOTE
r-release-macos-x86_64 0.2.0 NOTE
r-release-windows-ix86+x86_64 0.2.0 45.00 76.00 121.00 NOTE
r-oldrel-macos-x86_64 0.2.0 OK
r-oldrel-windows-ix86+x86_64 0.2.0 46.00 72.00 118.00 OK

Check Details

Version: 0.2.0
Check: LazyData
Result: NOTE
     'LazyData' is specified without a 'data' directory
Flavors: r-devel-linux-x86_64-debian-clang, r-devel-linux-x86_64-debian-gcc, r-devel-linux-x86_64-fedora-clang, r-devel-linux-x86_64-fedora-gcc, r-devel-windows-x86_64-new-UL, r-devel-windows-x86_64-new-TK, r-patched-linux-x86_64, r-release-linux-x86_64, r-release-macos-arm64, r-release-macos-x86_64, r-release-windows-ix86+x86_64