Last updated on 2023-01-30 00:31:20 CET.
Flavor | Version | Tinstall | Tcheck | Ttotal | Status | Flags |
---|---|---|---|---|---|---|
r-devel-linux-x86_64-debian-clang | 2.0.0 | 88.37 | 162.00 | 250.37 | OK | |
r-devel-linux-x86_64-debian-gcc | 2.0.0 | 77.65 | 121.58 | 199.23 | OK | |
r-devel-linux-x86_64-fedora-clang | 2.0.0 | 385.49 | NOTE | |||
r-devel-linux-x86_64-fedora-gcc | 2.0.0 | 367.49 | OK | |||
r-devel-windows-x86_64 | 2.0.0 | 123.00 | 237.00 | 360.00 | NOTE | |
r-patched-linux-x86_64 | 2.0.0 | 74.22 | 149.99 | 224.21 | OK | |
r-release-linux-x86_64 | 2.0.0 | 75.35 | 149.99 | 225.34 | OK | |
r-release-macos-arm64 | 2.0.0 | 87.00 | NOTE | |||
r-release-macos-x86_64 | 2.0.0 | 113.00 | NOTE | |||
r-release-windows-x86_64 | 2.0.0 | 109.00 | 235.00 | 344.00 | NOTE | |
r-oldrel-macos-arm64 | 2.0.0 | 85.00 | NOTE | |||
r-oldrel-macos-x86_64 | 2.0.0 | 130.00 | NOTE | |||
r-oldrel-windows-ix86+x86_64 | 2.0.0 | 211.00 | 248.00 | 459.00 | NOTE |
Version: 2.0.0
Check: Rd cross-references
Result: NOTE
Undeclared packages ‘polymapR’, ‘BSgenome’ in Rd xrefs
Flavor: r-devel-linux-x86_64-fedora-clang
Version: 2.0.0
Check: installed package size
Result: NOTE
installed size is 5.5Mb
sub-directories of 1Mb or more:
extdata 2.8Mb
libs 1.3Mb
Flavors: r-devel-windows-x86_64, r-release-macos-arm64, r-release-macos-x86_64, r-release-windows-x86_64, r-oldrel-macos-arm64, r-oldrel-macos-x86_64, r-oldrel-windows-ix86+x86_64