CRAN Package Check Results for Package polished

Last updated on 2021-12-04 23:50:41 CET.

Flavor Version Tinstall Tcheck Ttotal Status Flags
r-devel-linux-x86_64-debian-clang 0.4.0 11.34 89.52 100.86 ERROR
r-devel-linux-x86_64-debian-gcc 0.4.0 8.63 68.53 77.16 ERROR
r-devel-linux-x86_64-fedora-clang 0.4.0 123.11 NOTE
r-devel-linux-x86_64-fedora-gcc 0.4.0 115.81 ERROR
r-devel-windows-x86_64-new-UL 0.4.0 26.00 156.00 182.00 ERROR
r-devel-windows-x86_64-new-TK 0.4.0 OK
r-devel-windows-x86_64-old 0.4.0 19.00 101.00 120.00 OK
r-patched-linux-x86_64 0.4.0 11.87 77.43 89.30 OK
r-release-linux-x86_64 0.4.0 12.05 78.84 90.89 OK
r-release-macos-arm64 0.4.0 OK
r-release-macos-x86_64 0.4.0 OK
r-release-windows-ix86+x86_64 0.4.0 25.00 127.00 152.00 OK
r-oldrel-macos-x86_64 0.4.0 OK
r-oldrel-windows-ix86+x86_64 0.4.0 24.00 120.00 144.00 OK

Check Details

Version: 0.4.0
Check: tests
Result: ERROR
     Running 'testthat.R' [4s/29s]
    Running the tests in 'tests/testthat.R' failed.
    Complete output:
     > library(testthat)
     > library(polished)
     > library(httr)
     >
     > test_check("polished")
     Polished API request failed
     Status Code: 400
     Polished API request failed
     Status Code: 400
     Polished API request failed
     Status Code: 400
     Polished API request failed
     Status Code: 400
     Polished API request failed
     Status Code: 400
     Polished API request failed
     Status Code: 400
     == Failed tests ================================================================
     -- Error (test-api-01-apps.R:57:3): can update an app --------------------------
     Error: Invalid app URL.
     Backtrace:
     x
     1. \-polished::update_app(...) test-api-01-apps.R:57:2
     2. \-polished::polished_api_res(resp)
    
     [ FAIL 1 | WARN 0 | SKIP 0 | PASS 91 ]
     Error: Test failures
     Execution halted
Flavor: r-devel-linux-x86_64-debian-clang

Version: 0.4.0
Check: tests
Result: ERROR
     Running ‘testthat.R’ [3s/26s]
    Running the tests in ‘tests/testthat.R’ failed.
    Complete output:
     > library(testthat)
     > library(polished)
     > library(httr)
     >
     > test_check("polished")
     Polished API request failed
     Status Code: 400
     Polished API request failed
     Status Code: 400
     Polished API request failed
     Status Code: 400
     Polished API request failed
     Status Code: 400
     Polished API request failed
     Status Code: 400
     Polished API request failed
     Status Code: 400
     ══ Failed tests ════════════════════════════════════════════════════════════════
     ── Error (test-api-01-apps.R:57:3): can update an app ──────────────────────────
     Error: Invalid app URL.
     Backtrace:
     █
     1. └─polished::update_app(...) test-api-01-apps.R:57:2
     2. └─polished::polished_api_res(resp)
    
     [ FAIL 1 | WARN 0 | SKIP 0 | PASS 91 ]
     Error: Test failures
     Execution halted
Flavor: r-devel-linux-x86_64-debian-gcc

Version: 0.4.0
Check: package dependencies
Result: NOTE
    Imports includes 23 non-default packages.
    Importing from so many packages makes the package vulnerable to any of
    them becoming unavailable. Move as many as possible to Suggests and
    use conditionally.
Flavor: r-devel-linux-x86_64-fedora-clang

Version: 0.4.0
Check: tests
Result: ERROR
     Running ‘testthat.R’ [5s/24s]
    Running the tests in ‘tests/testthat.R’ failed.
    Complete output:
     > library(testthat)
     > library(polished)
     > library(httr)
     >
     > test_check("polished")
     Polished API request failed
     Status Code: 400
     Polished API request failed
     Status Code: 400
     Polished API request failed
     Status Code: 400
     Polished API request failed
     Status Code: 400
     Polished API request failed
     Status Code: 400
     Polished API request failed
     Status Code: 400
     ══ Failed tests ════════════════════════════════════════════════════════════════
     ── Error (test-api-01-apps.R:57:3): can update an app ──────────────────────────
     Error: Invalid app URL.
     Backtrace:
     █
     1. └─polished::update_app(...) test-api-01-apps.R:57:2
     2. └─polished::polished_api_res(resp)
    
     [ FAIL 1 | WARN 0 | SKIP 0 | PASS 91 ]
     Error: Test failures
     Execution halted
Flavor: r-devel-linux-x86_64-fedora-gcc

Version: 0.4.0
Check: tests
Result: ERROR
     Running 'testthat.R' [27s]
    Running the tests in 'tests/testthat.R' failed.
    Complete output:
     > library(testthat)
     > library(polished)
     > library(httr)
     >
     > test_check("polished")
     Polished API request failed
     Status Code: 400
     Polished API request failed
     Status Code: 400
     Polished API request failed
     Status Code: 400
     Polished API request failed
     Status Code: 400
     Polished API request failed
     Status Code: 400
     Polished API request failed
     Status Code: 400
     ══ Failed tests ════════════════════════════════════════════════════════════════
     ── Error (test-api-01-apps.R:57:3): can update an app ──────────────────────────
     Error: Invalid app URL.
     Backtrace:
     █
     1. └─polished::update_app(...) test-api-01-apps.R:57:2
     2. └─polished::polished_api_res(resp)
    
     [ FAIL 1 | WARN 0 | SKIP 0 | PASS 91 ]
     Error: Test failures
     Execution halted
Flavor: r-devel-windows-x86_64-new-UL