Last updated on 2023-02-06 23:55:54 CET.
Flavor | Version | Tinstall | Tcheck | Ttotal | Status | Flags |
---|---|---|---|---|---|---|
r-devel-linux-x86_64-debian-clang | 1.2.1 | 20.86 | 36.47 | 57.33 | NOTE | |
r-devel-linux-x86_64-debian-gcc | 1.2.1 | 17.54 | 28.57 | 46.11 | NOTE | |
r-devel-linux-x86_64-fedora-clang | 1.2.1 | 82.77 | NOTE | |||
r-devel-linux-x86_64-fedora-gcc | 1.2.1 | 83.56 | NOTE | |||
r-devel-windows-x86_64 | 1.2.1 | 50.00 | 88.00 | 138.00 | NOTE | |
r-patched-linux-x86_64 | 1.2.1 | 23.65 | 34.78 | 58.43 | OK | |
r-release-linux-x86_64 | 1.2.1 | 21.56 | 34.64 | 56.20 | OK | |
r-release-macos-arm64 | 1.2.1 | 24.00 | OK | |||
r-release-macos-x86_64 | 1.2.1 | 35.00 | OK | |||
r-release-windows-x86_64 | 1.2.1 | 42.00 | 88.00 | 130.00 | OK | |
r-oldrel-macos-arm64 | 1.2.1 | 28.00 | OK | |||
r-oldrel-macos-x86_64 | 1.2.1 | 37.00 | OK | |||
r-oldrel-windows-ix86+x86_64 | 1.2.1 | 59.00 | 87.00 | 146.00 | OK |
Version: 1.2.1
Check: C++ specification
Result: NOTE
Specified C++11: please update to current default of C++17
Flavors: r-devel-linux-x86_64-debian-clang, r-devel-linux-x86_64-debian-gcc, r-devel-linux-x86_64-fedora-clang, r-devel-linux-x86_64-fedora-gcc, r-devel-windows-x86_64