CRAN Package Check Results for Package poisFErobust

Last updated on 2024-06-14 00:53:53 CEST.

Flavor Version Tinstall Tcheck Ttotal Status Flags
r-devel-linux-x86_64-debian-clang 2.0.0 2.90 31.02 33.92 NOTE
r-devel-linux-x86_64-debian-gcc 2.0.0 2.06 23.22 25.28 ERROR
r-devel-linux-x86_64-fedora-clang 2.0.0 43.35 NOTE
r-devel-linux-x86_64-fedora-gcc 2.0.0 40.43 NOTE
r-devel-windows-x86_64 2.0.0 3.00 45.00 48.00 NOTE
r-patched-linux-x86_64 2.0.0 2.76 29.69 32.45 NOTE
r-release-linux-x86_64 2.0.0 2.73 30.07 32.80 NOTE
r-release-macos-arm64 2.0.0 18.00 NOTE
r-release-macos-x86_64 2.0.0 24.00 NOTE
r-release-windows-x86_64 2.0.0 3.00 47.00 50.00 NOTE
r-oldrel-macos-arm64 2.0.0 19.00 OK
r-oldrel-macos-x86_64 2.0.0 24.00 OK
r-oldrel-windows-x86_64 2.0.0 3.00 49.00 52.00 OK

Check Details

Version: 2.0.0
Check: Rd files
Result: NOTE checkRd: (-1) pois.fe.robust.Rd:47: Lost braces in \itemize; meant \describe ? checkRd: (-1) pois.fe.robust.Rd:48: Lost braces in \itemize; meant \describe ? checkRd: (-1) pois.fe.robust.Rd:49: Lost braces in \itemize; meant \describe ? checkRd: (-1) pois.fe.robust.Rd:50-51: Lost braces in \itemize; meant \describe ? checkRd: (-1) pois.fe.robust.Rd:66: Lost braces in \itemize; \value handles \item{}{} directly checkRd: (-1) pois.fe.robust.Rd:67: Lost braces in \itemize; \value handles \item{}{} directly checkRd: (-1) pois.fe.robust.Rd:68-69: Lost braces in \itemize; \value handles \item{}{} directly Flavors: r-devel-linux-x86_64-debian-clang, r-devel-linux-x86_64-debian-gcc, r-devel-linux-x86_64-fedora-clang, r-devel-linux-x86_64-fedora-gcc, r-devel-windows-x86_64, r-patched-linux-x86_64, r-release-linux-x86_64, r-release-macos-arm64, r-release-macos-x86_64, r-release-windows-x86_64

Version: 2.0.0
Check: package dependencies
Result: NOTE Package suggested but not available for checking: ‘testthat’ Flavor: r-devel-linux-x86_64-debian-gcc

Version: 2.0.0
Check: tests
Result: ERROR Running ‘testthat.R’ [0s/1s] Running the tests in ‘tests/testthat.R’ failed. Complete output: > library(testthat) Error in library(testthat) : there is no package called 'testthat' Execution halted Flavor: r-devel-linux-x86_64-debian-gcc