CRAN Package Check Results for Package pointr

Last updated on 2023-06-09 00:54:30 CEST.

Flavor Version Tinstall Tcheck Ttotal Status Flags
r-devel-linux-x86_64-debian-clang 0.2.0 2.10 20.18 22.28 NOTE
r-devel-linux-x86_64-debian-gcc 0.2.0 1.56 16.19 17.75 NOTE
r-devel-linux-x86_64-fedora-clang 0.2.0 28.40 NOTE
r-devel-linux-x86_64-fedora-gcc 0.2.0 26.38 NOTE
r-devel-windows-x86_64 0.2.0 3.00 38.00 41.00 NOTE
r-patched-linux-x86_64 0.2.0 1.93 20.02 21.95 NOTE
r-release-linux-x86_64 0.2.0 1.80 19.84 21.64 NOTE
r-release-macos-arm64 0.2.0 16.00 NOTE
r-release-macos-x86_64 0.2.0 18.00 NOTE
r-release-windows-x86_64 0.2.0 4.00 37.00 41.00 NOTE
r-oldrel-macos-arm64 0.2.0 20.00 NOTE
r-oldrel-macos-x86_64 0.2.0 19.00 NOTE
r-oldrel-windows-x86_64 0.2.0 4.00 40.00 44.00 NOTE

Check Details

Version: 0.2.0
Check: LazyData
Result: NOTE
     'LazyData' is specified without a 'data' directory
Flavors: r-devel-linux-x86_64-debian-clang, r-devel-linux-x86_64-debian-gcc, r-devel-linux-x86_64-fedora-clang, r-devel-linux-x86_64-fedora-gcc, r-devel-windows-x86_64, r-patched-linux-x86_64, r-release-linux-x86_64, r-release-macos-arm64, r-release-macos-x86_64, r-release-windows-x86_64, r-oldrel-macos-arm64, r-oldrel-macos-x86_64, r-oldrel-windows-x86_64