CRAN Package Check Results for Package pmetar

Last updated on 2024-06-14 00:53:53 CEST.

Flavor Version Tinstall Tcheck Ttotal Status Flags
r-devel-linux-x86_64-debian-clang 0.5.0 3.88 57.56 61.44 OK
r-devel-linux-x86_64-debian-gcc 0.5.0 0.45 1.69 2.14 ERROR
r-devel-linux-x86_64-fedora-clang 0.5.0 77.52 OK
r-devel-linux-x86_64-fedora-gcc 0.5.0 84.55 OK
r-devel-windows-x86_64 0.5.0 5.00 67.00 72.00 OK
r-patched-linux-x86_64 0.5.0 5.28 53.02 58.30 OK
r-release-linux-x86_64 0.5.0 3.07 53.72 56.79 OK
r-release-macos-arm64 0.5.0 45.00 OK
r-release-macos-x86_64 0.5.0 52.00 OK
r-release-windows-x86_64 0.5.0 6.00 69.00 75.00 OK
r-oldrel-macos-arm64 0.5.0 46.00 OK
r-oldrel-macos-x86_64 0.5.0 62.00 OK
r-oldrel-windows-x86_64 0.5.0 6.00 74.00 80.00 OK

Check Details

Version: 0.5.0
Check: package dependencies
Result: ERROR Packages required but not available: 'dplyr', 'lubridate', 'tidyr', 'stringr' Packages suggested but not available for checking: 'testthat', 'tibble' See section ‘The DESCRIPTION file’ in the ‘Writing R Extensions’ manual. Flavor: r-devel-linux-x86_64-debian-gcc