CRAN Package Check Results for Package plumber

Last updated on 2021-09-18 23:50:01 CEST.

Flavor Version Tinstall Tcheck Ttotal Status Flags
r-devel-linux-x86_64-debian-clang 1.1.0 13.38 85.72 99.10 NOTE
r-devel-linux-x86_64-debian-gcc 1.1.0 10.38 97.20 107.58 NOTE
r-devel-linux-x86_64-fedora-clang 1.1.0 127.92 NOTE
r-devel-linux-x86_64-fedora-gcc 1.1.0 195.97 NOTE
r-devel-windows-x86_64 1.1.0 16.00 112.00 128.00 NOTE
r-devel-windows-x86_64-gcc10-UCRT 1.1.0 NOTE
r-patched-linux-x86_64 1.1.0 14.01 115.90 129.91 NOTE
r-patched-solaris-x86 1.1.0 142.20 ERROR
r-release-linux-x86_64 1.1.0 11.31 117.23 128.54 NOTE
r-release-macos-arm64 1.1.0 NOTE
r-release-macos-x86_64 1.1.0 NOTE
r-release-windows-ix86+x86_64 1.1.0 23.00 84.00 107.00 NOTE
r-oldrel-macos-x86_64 1.1.0 OK
r-oldrel-windows-ix86+x86_64 1.1.0 24.00 84.00 108.00 OK

Check Details

Version: 1.1.0
Check: LazyData
Result: NOTE
     'LazyData' is specified without a 'data' directory
Flavors: r-devel-linux-x86_64-debian-clang, r-devel-linux-x86_64-debian-gcc, r-devel-linux-x86_64-fedora-clang, r-devel-linux-x86_64-fedora-gcc, r-devel-windows-x86_64, r-devel-windows-x86_64-gcc10-UCRT, r-patched-linux-x86_64, r-patched-solaris-x86, r-release-linux-x86_64, r-release-macos-arm64, r-release-macos-x86_64, r-release-windows-ix86+x86_64

Version: 1.1.0
Check: tests
Result: ERROR
     Running ‘spelling.R’
     Running ‘testthat.R’ [1m/180m]
    Running the tests in ‘tests/testthat.R’ failed.
    Complete output:
     > library(testthat)
     > library(plumber)
     >
     > test_check("plumber")
    
    
     Execution halted
Flavor: r-patched-solaris-x86