Last updated on 2023-04-02 00:57:43 CEST.
Flavor | Version | Tinstall | Tcheck | Ttotal | Status | Flags |
---|---|---|---|---|---|---|
r-devel-linux-x86_64-debian-clang | 0.9.10 | 10.17 | 82.98 | 93.15 | OK | |
r-devel-linux-x86_64-debian-gcc | 0.9.10 | 6.92 | 62.46 | 69.38 | OK | |
r-devel-linux-x86_64-fedora-clang | 0.9.10 | 111.58 | OK | |||
r-devel-linux-x86_64-fedora-gcc | 0.9.10 | 108.32 | OK | |||
r-devel-windows-x86_64 | 0.9.10 | 16.00 | 109.00 | 125.00 | OK | |
r-patched-linux-x86_64 | 0.9.10 | 13.07 | 78.50 | 91.57 | OK | |
r-release-linux-x86_64 | 0.9.10 | 9.70 | 81.56 | 91.26 | OK | |
r-release-macos-arm64 | 0.9.10 | 32.00 | NOTE | |||
r-release-macos-x86_64 | 0.9.10 | 44.00 | NOTE | |||
r-release-windows-x86_64 | 0.9.10 | 33.00 | 111.00 | 144.00 | OK | |
r-oldrel-macos-arm64 | 0.9.10 | 34.00 | NOTE | |||
r-oldrel-macos-x86_64 | 0.9.10 | 46.00 | NOTE | |||
r-oldrel-windows-ix86+x86_64 | 0.9.10 | 22.00 | 104.00 | 126.00 | OK |
Version: 0.9.10
Check: package dependencies
Result: NOTE
Package suggested but not available for checking: ‘Rmpi’
Flavors: r-release-macos-arm64, r-release-macos-x86_64, r-oldrel-macos-arm64, r-oldrel-macos-x86_64