CRAN Package Check Results for Package plsRbeta

Last updated on 2024-07-18 00:55:02 CEST.

Flavor Version Tinstall Tcheck Ttotal Status Flags
r-devel-linux-x86_64-debian-clang 0.3.0 29.49 241.07 270.56 OK
r-devel-linux-x86_64-debian-gcc 0.3.0 29.02 174.91 203.93 OK
r-devel-linux-x86_64-fedora-clang 0.3.0 367.43 OK
r-devel-linux-x86_64-fedora-gcc 0.3.0 349.73 OK
r-devel-windows-x86_64 0.3.0 28.00 178.00 206.00 NOTE
r-patched-linux-x86_64 0.3.0 35.30 231.72 267.02 OK
r-release-linux-x86_64 0.3.0 30.37 234.93 265.30 OK
r-release-macos-arm64 0.3.0 90.00 OK
r-release-macos-x86_64 0.3.0 149.00 OK
r-release-windows-x86_64 0.3.0 28.00 182.00 210.00 OK
r-oldrel-macos-arm64 0.3.0 101.00 OK
r-oldrel-macos-x86_64 0.3.0 141.00 OK
r-oldrel-windows-x86_64 0.3.0 37.00 222.00 259.00 OK

Check Details

Version: 0.3.0
Check: Rd cross-references
Result: NOTE Found the following Rd file(s) with Rd \link{} targets missing package anchors: PLS_beta_wvc.Rd: PLS_glm_kfoldcv_formula, PLS_lm_wvc Please provide package anchors for all Rd \link{} targets not in the package itself and the base packages. Flavor: r-devel-windows-x86_64