CRAN Package Check Results for Package plotly

Last updated on 2021-06-22 23:50:42 CEST.

Flavor Version Tinstall Tcheck Ttotal Status Flags
r-devel-linux-x86_64-debian-clang 4.9.4 18.46 247.46 265.92 ERROR
r-devel-linux-x86_64-debian-gcc 4.9.4.1 14.61 175.02 189.63 OK
r-devel-linux-x86_64-fedora-clang 4.9.4.1 298.05 NOTE
r-devel-linux-x86_64-fedora-gcc 4.9.4.1 308.44 OK
r-devel-windows-x86_64 4.9.4.1 26.00 236.00 262.00 NOTE
r-devel-windows-x86_64-gcc10-UCRT 4.9.4.1 ERROR
r-patched-linux-x86_64 4.9.4.1 16.37 222.23 238.60 OK
r-patched-solaris-x86 4.9.4.1 381.50 NOTE
r-release-linux-x86_64 4.9.4.1 14.55 223.72 238.27 OK
r-release-macos-arm64 4.9.4 ERROR
r-release-macos-x86_64 4.9.4.1 NOTE
r-release-windows-ix86+x86_64 4.9.4.1 31.00 317.00 348.00 NOTE
r-oldrel-macos-x86_64 4.9.4.1 NOTE
r-oldrel-windows-ix86+x86_64 4.9.4.1 33.00 277.00 310.00 NOTE

Check Details

Version: 4.9.4
Check: tests
Result: ERROR
     Running 'testthat.R' [131s/136s]
    Running the tests in 'tests/testthat.R' failed.
    Complete output:
     > library("testthat")
     > library("plotly")
     Loading required package: ggplot2
    
     Attaching package: 'plotly'
    
     The following object is masked from 'package:ggplot2':
    
     last_plot
    
     The following object is masked from 'package:stats':
    
     filter
    
     The following object is masked from 'package:graphics':
    
     layout
    
     >
     > test_check("plotly")
     Visual testing is not enabled.
     == Skipped tests ===============================================================
     * On CRAN (20)
     * empty test (23)
     * has_mapbox() is not TRUE (9)
     * quantreg cannot be loaded (2)
     * reshape2 cannot be loaded (2)
    
     == Failed tests ================================================================
     -- Failure (test-animate-highlight.R:119:7): When key is equivalent to group, produce simple keys --
     tr$key == tr$name is not TRUE
    
     `actual`:
     `expected`: TRUE
     -- Failure (test-animate-highlight.R:120:7): When key is equivalent to group, produce simple keys --
     tr$`_isSimpleKey` is not TRUE
    
     `actual` is NULL
     `expected` is a logical vector (TRUE)
     -- Failure (test-animate-highlight.R:119:7): When key is equivalent to group, produce simple keys --
     tr$key == tr$name is not TRUE
    
     `actual`:
     `expected`: TRUE
     -- Failure (test-animate-highlight.R:120:7): When key is equivalent to group, produce simple keys --
     tr$`_isSimpleKey` is not TRUE
    
     `actual` is NULL
     `expected` is a logical vector (TRUE)
    
     [ FAIL 4 | WARN 36 | SKIP 56 | PASS 1404 ]
     Error: Test failures
     Execution halted
Flavor: r-devel-linux-x86_64-debian-clang

Version: 4.9.4.1
Check: installed package size
Result: NOTE
     installed size is 6.9Mb
     sub-directories of 1Mb or more:
     htmlwidgets 3.8Mb
Flavors: r-devel-linux-x86_64-fedora-clang, r-devel-windows-x86_64, r-patched-solaris-x86, r-release-macos-x86_64, r-release-windows-ix86+x86_64, r-oldrel-macos-x86_64, r-oldrel-windows-ix86+x86_64

Version: 4.9.4.1
Check: package dependencies
Result: ERROR
    Package required but not available: 'httr'
    
    Packages suggested but not available for checking:
     'devtools', 'shinytest', 'curl'
    
    See section 'The DESCRIPTION file' in the 'Writing R Extensions'
    manual.
Flavor: r-devel-windows-x86_64-gcc10-UCRT

Version: 4.9.4
Check: installed package size
Result: NOTE
     installed size is 6.9Mb
     sub-directories of 1Mb or more:
     htmlwidgets 3.8Mb
Flavor: r-release-macos-arm64

Version: 4.9.4
Check: tests
Result: ERROR
     Running ‘testthat.R’ [30s/32s]
    Running the tests in ‘tests/testthat.R’ failed.
    Last 13 lines of output:
     `expected` is a logical vector (TRUE)
     ── Failure (test-animate-highlight.R:119:7): When key is equivalent to group, produce simple keys ──
     tr$key == tr$name is not TRUE
    
     `actual`:
     `expected`: TRUE
     ── Failure (test-animate-highlight.R:120:7): When key is equivalent to group, produce simple keys ──
     tr$`_isSimpleKey` is not TRUE
    
     `actual` is NULL
     `expected` is a logical vector (TRUE)
    
     [ FAIL 4 | WARN 36 | SKIP 52 | PASS 1433 ]
     Error: Test failures
     Execution halted
Flavor: r-release-macos-arm64