CRAN Package Check Results for Package plotdap

Last updated on 2021-09-19 23:50:25 CEST.

Flavor Version Tinstall Tcheck Ttotal Status Flags
r-devel-linux-x86_64-debian-clang 0.0.9 17.16 149.75 166.91 OK
r-devel-linux-x86_64-debian-gcc 0.0.9 14.44 111.15 125.59 OK
r-devel-linux-x86_64-fedora-clang 0.0.9 204.21 OK
r-devel-linux-x86_64-fedora-gcc 0.0.9 191.27 OK
r-devel-windows-x86_64 0.0.9 17.00 111.00 128.00 OK --no-vignettes
r-devel-windows-x86_64-gcc10-UCRT 0.0.9 ERROR
r-patched-linux-x86_64 0.0.9 21.93 139.14 161.07 OK
r-patched-solaris-x86 0.0.9 299.20 OK
r-release-linux-x86_64 0.0.9 15.65 140.42 156.07 OK
r-release-macos-arm64 0.0.9 OK
r-release-macos-x86_64 0.0.9 OK
r-release-windows-ix86+x86_64 0.0.9 34.00 114.00 148.00 OK --no-vignettes
r-oldrel-macos-x86_64 0.0.9 OK
r-oldrel-windows-ix86+x86_64 0.0.9 35.00 113.00 148.00 OK --no-vignettes

Check Details

Version: 0.0.9
Check: whether package can be installed
Result: WARN
    Found the following significant warnings:
     WARNING: installation-time patches will not be applied, could not get the patches index
Flavor: r-devel-windows-x86_64-gcc10-UCRT

Version: 0.0.9
Check: PDF version of manual
Result: WARN
    LaTeX errors when creating PDF version.
    This typically indicates Rd problems.
Flavor: r-devel-windows-x86_64-gcc10-UCRT

Version: 0.0.9
Check: PDF version of manual without hyperrefs or index
Result: ERROR
    Re-running with no redirection of stdout/stderr.
Flavor: r-devel-windows-x86_64-gcc10-UCRT