CRAN Package Check Results for Package pkgdepends

Last updated on 2024-06-13 00:55:26 CEST.

Flavor Version Tinstall Tcheck Ttotal Status Flags
r-devel-linux-x86_64-debian-clang 0.7.2 32.68 101.27 133.95 OK
r-devel-linux-x86_64-debian-gcc 0.7.2 20.14 68.18 88.32 NOTE
r-devel-linux-x86_64-fedora-clang 0.7.2 154.91 OK
r-devel-linux-x86_64-fedora-gcc 0.7.2 143.00 OK
r-devel-windows-x86_64 0.7.2 29.00 90.00 119.00 OK
r-patched-linux-x86_64 0.7.2 27.74 94.48 122.22 OK
r-release-linux-x86_64 0.7.2 19.04 91.58 110.62 OK
r-release-macos-arm64 0.7.2 39.00 OK
r-release-macos-x86_64 0.7.2 68.00 OK
r-release-windows-x86_64 0.7.2 31.00 94.00 125.00 OK
r-oldrel-macos-arm64 0.7.2 43.00 OK
r-oldrel-macos-x86_64 0.7.2 96.00 OK
r-oldrel-windows-x86_64 0.7.2 36.00 106.00 142.00 OK

Check Details

Version: 0.7.2
Check: package dependencies
Result: NOTE Packages suggested but not available for checking: 'asciicast', 'mockery', 'testthat', 'tibble' Flavor: r-devel-linux-x86_64-debian-gcc