CRAN Package Check Results for Package pivotea

Last updated on 2024-06-14 00:53:53 CEST.

Flavor Version Tinstall Tcheck Ttotal Status Flags
r-devel-linux-x86_64-debian-clang 1.0.1 2.13 85.22 87.35 OK
r-devel-linux-x86_64-debian-gcc 1.0.1 0.24 1.85 2.09 ERROR
r-devel-linux-x86_64-fedora-clang 1.0.1 107.51 OK
r-devel-linux-x86_64-fedora-gcc 1.0.1 113.48 OK
r-devel-windows-x86_64 1.0.1 4.00 82.00 86.00 OK
r-patched-linux-x86_64 1.0.1 3.33 81.61 84.94 OK
r-release-linux-x86_64 1.0.1 1.99 81.52 83.51 OK
r-release-macos-arm64 1.0.1 43.00 OK
r-release-macos-x86_64 1.0.1 63.00 OK
r-release-windows-x86_64 1.0.1 4.00 90.00 94.00 OK
r-oldrel-macos-arm64 1.0.1 40.00 OK
r-oldrel-macos-x86_64 1.0.1 90.00 OK
r-oldrel-windows-x86_64 1.0.1 6.00 95.00 101.00 OK

Check Details

Version: 1.0.1
Check: package dependencies
Result: ERROR Packages required but not available: 'dplyr', 'purrr', 'tidyr' Packages suggested but not available for checking: 'ggplot2', 'testthat', 'tibble' See section ‘The DESCRIPTION file’ in the ‘Writing R Extensions’ manual. Flavor: r-devel-linux-x86_64-debian-gcc