Last updated on 2023-10-04 00:58:32 CEST.
Flavor | Version | Tinstall | Tcheck | Ttotal | Status | Flags |
---|---|---|---|---|---|---|
r-devel-linux-x86_64-debian-clang | 1.2.2 | 10.93 | 123.28 | 134.21 | OK | |
r-devel-linux-x86_64-debian-gcc | 1.2.2 | 8.99 | 91.34 | 100.33 | OK | |
r-devel-linux-x86_64-fedora-clang | 1.2.2 | 166.01 | OK | |||
r-devel-linux-x86_64-fedora-gcc | 1.2.2 | 169.51 | OK | |||
r-devel-windows-x86_64 | 1.2.2 | 10.00 | 121.00 | 131.00 | OK | |
r-patched-linux-x86_64 | 1.2.2 | 11.94 | 117.82 | 129.76 | OK | |
r-release-linux-x86_64 | 1.2.2 | 12.00 | 118.16 | 130.16 | OK | |
r-release-macos-arm64 | 1.2.2 | 85.00 | OK | |||
r-release-macos-x86_64 | 1.2.2 | 120.00 | OK | |||
r-release-windows-x86_64 | 1.2.2 | 14.00 | 143.00 | 157.00 | OK | |
r-oldrel-macos-arm64 | 1.2.2 | 74.00 | NOTE | |||
r-oldrel-macos-x86_64 | 1.2.2 | 92.00 | OK | |||
r-oldrel-windows-x86_64 | 1.2.2 | 15.00 | 132.00 | 147.00 | OK |
Version: 1.2.2
Check: Rd cross-references
Result: NOTE
Package unavailable to check Rd xrefs: ‘paws.storage’
Flavor: r-oldrel-macos-arm64