CRAN Package Check Results for Package pingers

Last updated on 2024-06-19 00:49:36 CEST.

Flavor Version Tinstall Tcheck Ttotal Status Flags
r-devel-linux-x86_64-debian-clang 0.1.1 9.14 67.36 76.50 NOTE
r-devel-linux-x86_64-debian-gcc 0.1.1 6.69 49.48 56.17 NOTE
r-devel-linux-x86_64-fedora-clang 0.1.1 97.61 NOTE
r-devel-linux-x86_64-fedora-gcc 0.1.1 87.89 NOTE
r-devel-windows-x86_64 0.1.1 8.00 66.00 74.00 NOTE
r-patched-linux-x86_64 0.1.1 8.07 64.25 72.32 NOTE
r-release-linux-x86_64 0.1.1 4.86 65.75 70.61 NOTE
r-release-macos-arm64 0.1.1 30.00 NOTE
r-release-macos-x86_64 0.1.1 42.00 NOTE
r-release-windows-x86_64 0.1.1 8.00 67.00 75.00 NOTE
r-oldrel-macos-arm64 0.1.1 29.00 NOTE
r-oldrel-macos-x86_64 0.1.1 41.00 NOTE
r-oldrel-windows-x86_64 0.1.1 10.00 73.00 83.00 NOTE

Check Details

Version: 0.1.1
Check: LazyData
Result: NOTE 'LazyData' is specified without a 'data' directory Flavors: r-devel-linux-x86_64-debian-clang, r-devel-linux-x86_64-debian-gcc, r-devel-linux-x86_64-fedora-clang, r-devel-linux-x86_64-fedora-gcc, r-devel-windows-x86_64, r-patched-linux-x86_64, r-release-linux-x86_64, r-release-macos-arm64, r-release-macos-x86_64, r-release-windows-x86_64, r-oldrel-macos-arm64, r-oldrel-macos-x86_64, r-oldrel-windows-x86_64