CRAN Package Check Results for Package pid

Last updated on 2021-10-27 23:50:34 CEST.

Flavor Version Tinstall Tcheck Ttotal Status Flags
r-devel-linux-x86_64-debian-clang 0.50 5.96 66.12 72.08 OK
r-devel-linux-x86_64-debian-gcc 0.50 4.92 50.81 55.73 OK
r-devel-linux-x86_64-fedora-clang 0.50 98.93 NOTE
r-devel-linux-x86_64-fedora-gcc 0.50 85.42 NOTE
r-devel-windows-x86_64 0.50 10.00 66.00 76.00 OK
r-devel-windows-x86_64-gcc10-UCRT 0.50 NOTE
r-patched-linux-x86_64 0.50 5.90 61.72 67.62 OK
r-patched-solaris-x86 0.50 131.40 NOTE
r-release-linux-x86_64 0.50 5.76 61.25 67.01 OK
r-release-macos-arm64 0.50 NOTE
r-release-macos-x86_64 0.50 NOTE
r-release-windows-ix86+x86_64 0.50 11.00 98.00 109.00 OK
r-oldrel-macos-x86_64 0.50 NOTE
r-oldrel-windows-ix86+x86_64 0.50 13.00 89.00 102.00 OK

Check Details

Version: 0.50
Check: dependencies in R code
Result: NOTE
    Namespace in Imports field not imported from: ‘FrF2.catlg128’
     All declared Imports should be used.
Flavors: r-devel-linux-x86_64-fedora-clang, r-devel-linux-x86_64-fedora-gcc, r-devel-windows-x86_64-gcc10-UCRT, r-patched-solaris-x86, r-release-macos-arm64, r-release-macos-x86_64, r-oldrel-macos-x86_64

Version: 0.50
Check: Rd cross-references
Result: NOTE
    Undeclared package ‘BsMD’ in Rd xrefs
Flavor: r-devel-linux-x86_64-fedora-clang