Last updated on 2023-05-29 00:59:41 CEST.
Flavor | Version | Tinstall | Tcheck | Ttotal | Status | Flags |
---|---|---|---|---|---|---|
r-devel-linux-x86_64-debian-clang | 1.2.1 | 19.47 | 54.07 | 73.54 | OK | |
r-devel-linux-x86_64-debian-gcc | 1.2.1 | 15.63 | 41.64 | 57.27 | OK | |
r-devel-linux-x86_64-fedora-clang | 1.2.1 | 101.19 | WARN | |||
r-devel-linux-x86_64-fedora-gcc | 1.2.1 | 107.59 | OK | |||
r-devel-windows-x86_64 | 1.2.1 | 17.00 | 80.00 | 97.00 | OK | |
r-patched-linux-x86_64 | 1.2.1 | 17.00 | 50.98 | 67.98 | OK | |
r-release-linux-x86_64 | 1.2.1 | 17.27 | 51.26 | 68.53 | OK | |
r-release-macos-arm64 | 1.2.1 | 39.00 | OK | |||
r-release-macos-x86_64 | 1.2.1 | 62.00 | OK | |||
r-release-windows-x86_64 | 1.2.1 | 18.00 | 96.00 | 114.00 | OK | |
r-oldrel-macos-arm64 | 1.2.1 | 33.00 | OK | |||
r-oldrel-macos-x86_64 | 1.2.1 | 43.00 | OK | |||
r-oldrel-windows-x86_64 | 1.2.1 | 22.00 | 89.00 | 111.00 | OK |
Version: 1.2.1
Check: whether package can be installed
Result: WARN
Found the following significant warnings:
/data/gannet/ripley/R/test-clang/Rcpp/include/Rcpp/sugar/functions/sapply.h:36:26: warning: 'result_of<float (*(double))(float)>' is deprecated [-Wdeprecated-declarations]
See ‘/data/gannet/ripley/R/packages/tests-clang/physiology.Rcheck/00install.out’ for details.
* used C compiler: ‘clang version 16.0.3’
* used C++ compiler: ‘clang version 16.0.3’
Flavor: r-devel-linux-x86_64-fedora-clang