Last updated on 2025-01-16 00:49:39 CET.
Flavor | Version | Tinstall | Tcheck | Ttotal | Status | Flags |
---|---|---|---|---|---|---|
r-devel-linux-x86_64-debian-clang | 0.9.11 | 18.70 | 121.75 | 140.45 | NOTE | |
r-devel-linux-x86_64-debian-gcc | 0.9.11 | 11.72 | 86.76 | 98.48 | NOTE | |
r-devel-linux-x86_64-fedora-clang | 0.9.11 | 249.64 | NOTE | |||
r-devel-linux-x86_64-fedora-gcc | 0.9.11 | 254.47 | NOTE | |||
r-devel-windows-x86_64 | 0.9.11 | 20.00 | 132.00 | 152.00 | NOTE | |
r-patched-linux-x86_64 | 0.9.11 | 15.25 | 109.44 | 124.69 | NOTE | |
r-release-linux-x86_64 | 0.9.11 | 15.56 | 108.80 | 124.36 | NOTE | |
r-release-macos-arm64 | 0.9.11 | 61.00 | NOTE | |||
r-release-macos-x86_64 | 0.9.11 | 99.00 | NOTE | |||
r-release-windows-x86_64 | 0.9.11 | 20.00 | 128.00 | 148.00 | NOTE | |
r-oldrel-macos-arm64 | 0.9.11 | 73.00 | OK | |||
r-oldrel-macos-x86_64 | 0.9.11 | 174.00 | OK | |||
r-oldrel-windows-x86_64 | 0.9.11 | 24.00 | 169.00 | 193.00 | OK |
Version: 0.9.11
Check: Rd files
Result: NOTE
checkRd: (-1) phylter.Rd:51: Lost braces; missing escapes or markup?
51 | the output ({out$DiscardedGenes}).}
| ^
Flavors: r-devel-linux-x86_64-debian-clang, r-devel-linux-x86_64-debian-gcc, r-devel-linux-x86_64-fedora-clang, r-devel-linux-x86_64-fedora-gcc, r-devel-windows-x86_64, r-patched-linux-x86_64, r-release-linux-x86_64, r-release-macos-arm64, r-release-macos-x86_64, r-release-windows-x86_64