CRAN Package Check Results for Package phylocomr

Last updated on 2021-12-08 23:49:25 CET.

Flavor Version Tinstall Tcheck Ttotal Status Flags
r-devel-linux-x86_64-debian-clang 0.3.2 12.71 39.31 52.02 NOTE
r-devel-linux-x86_64-debian-gcc 0.3.2 9.61 32.16 41.77 NOTE
r-devel-linux-x86_64-fedora-clang 0.3.2 65.91 NOTE
r-devel-linux-x86_64-fedora-gcc 0.3.2 56.84 NOTE
r-devel-windows-x86_64-new-UL 0.3.2 33.00 79.00 112.00 NOTE
r-devel-windows-x86_64-new-TK 0.3.2 NOTE
r-devel-windows-x86_64-old 0.3.2 20.00 44.00 64.00 NOTE
r-patched-linux-x86_64 0.3.2 12.69 37.29 49.98 NOTE
r-release-linux-x86_64 0.3.2 12.13 38.25 50.38 NOTE
r-release-macos-arm64 0.3.2 NOTE
r-release-macos-x86_64 0.3.2 NOTE
r-release-windows-ix86+x86_64 0.3.2 26.00 61.00 87.00 NOTE
r-oldrel-macos-x86_64 0.3.2 OK
r-oldrel-windows-ix86+x86_64 0.3.2 36.00 63.00 99.00 OK

Check Details

Version: 0.3.2
Check: LazyData
Result: NOTE
     'LazyData' is specified without a 'data' directory
Flavors: r-devel-linux-x86_64-debian-clang, r-devel-linux-x86_64-debian-gcc, r-devel-linux-x86_64-fedora-clang, r-devel-linux-x86_64-fedora-gcc, r-devel-windows-x86_64-new-UL, r-devel-windows-x86_64-new-TK, r-devel-windows-x86_64-old, r-patched-linux-x86_64, r-release-linux-x86_64, r-release-macos-arm64, r-release-macos-x86_64, r-release-windows-ix86+x86_64