CRAN Package Check Results for Package photobiologyWavebands

Last updated on 2022-01-19 23:49:06 CET.

Flavor Version Tinstall Tcheck Ttotal Status Flags
r-devel-linux-x86_64-debian-clang 0.4.5 OK
r-devel-linux-x86_64-debian-gcc 0.4.5 4.24 41.09 45.33 OK
r-devel-linux-x86_64-fedora-clang 0.4.5 71.44 OK
r-devel-linux-x86_64-fedora-gcc 0.4.5 59.93 OK
r-devel-windows-x86_64-new-UL 0.4.5 561.00 92.00 653.00 OK
r-devel-windows-x86_64-new-TK 0.4.5 OK
r-patched-linux-x86_64 0.4.5 10.99 51.27 62.26 OK
r-release-linux-x86_64 0.4.5 OK
r-release-macos-arm64 0.4.5 OK
r-release-macos-x86_64 0.4.5 WARN --as-cran
r-release-windows-ix86+x86_64 0.4.5 10.00 67.00 77.00 OK
r-oldrel-macos-x86_64 0.4.4 OK
r-oldrel-windows-ix86+x86_64 0.4.5 12.00 66.00 78.00 OK

Check Details

Version: 0.4.5
Flags: --as-cran
Check: CRAN incoming feasibility
Result: WARN
    Maintainer: ‘Pedro J. Aphalo <pedro.aphalo@helsinki.fi>’
    
    Insufficient package version (submitted: 0.4.5, existing: 0.4.5)
    
    Days since last update: 1
Flavor: r-release-macos-x86_64

Version: 0.4.5
Flags: --as-cran
Check: top-level files
Result: NOTE
    Files ‘README.md’ or ‘NEWS.md’ cannot be checked without ‘pandoc’ being installed.
Flavor: r-release-macos-x86_64