CRAN Package Check Results for Package photobiology

Last updated on 2021-12-05 23:52:22 CET.

Flavor Version Tinstall Tcheck Ttotal Status Flags
r-devel-linux-x86_64-debian-clang 0.10.7 22.67 178.99 201.66 OK
r-devel-linux-x86_64-debian-gcc 0.10.7 19.01 135.77 154.78 OK
r-devel-linux-x86_64-fedora-clang 0.10.7 247.07 NOTE
r-devel-linux-x86_64-fedora-gcc 0.10.7 231.30 NOTE
r-devel-windows-x86_64-new-UL 0.10.7 83.00 263.00 346.00 OK
r-devel-windows-x86_64-new-TK 0.10.7 NOTE
r-devel-windows-x86_64-old 0.10.7 40.00 178.00 218.00 OK
r-patched-linux-x86_64 0.10.7 29.42 164.94 194.36 OK
r-release-linux-x86_64 0.10.7 22.15 173.55 195.70 OK
r-release-macos-arm64 0.10.7 NOTE
r-release-macos-x86_64 0.10.7 NOTE
r-release-windows-ix86+x86_64 0.10.7 40.00 229.00 269.00 OK
r-oldrel-macos-x86_64 0.10.7 NOTE
r-oldrel-windows-ix86+x86_64 0.10.7 40.00 219.00 259.00 OK

Check Details

Version: 0.10.7
Check: dependencies in R code
Result: NOTE
    Namespace in Imports field not imported from: ‘rmarkdown’
     All declared Imports should be used.
Flavors: r-devel-linux-x86_64-fedora-clang, r-devel-linux-x86_64-fedora-gcc, r-devel-windows-x86_64-new-TK, r-release-macos-arm64, r-release-macos-x86_64, r-oldrel-macos-x86_64