Last updated on 2023-09-22 00:53:25 CEST.
Flavor | Version | Tinstall | Tcheck | Ttotal | Status | Flags |
---|---|---|---|---|---|---|
r-devel-linux-x86_64-debian-clang | 0.10.17 | 29.08 | 243.08 | 272.16 | NOTE | |
r-devel-linux-x86_64-debian-gcc | 0.10.17 | 23.43 | 175.88 | 199.31 | NOTE | |
r-devel-linux-x86_64-fedora-clang | 0.10.17 | 343.02 | NOTE | |||
r-devel-linux-x86_64-fedora-gcc | 0.10.17 | 327.95 | NOTE | |||
r-devel-windows-x86_64 | 0.10.17 | 30.00 | 249.00 | 279.00 | NOTE | |
r-patched-linux-x86_64 | 0.10.17 | 38.82 | 230.41 | 269.23 | OK | |
r-release-linux-x86_64 | 0.10.17 | 29.99 | 231.36 | 261.35 | OK | |
r-release-macos-arm64 | 0.10.17 | 95.00 | OK | |||
r-release-macos-x86_64 | 0.10.17 | 201.00 | OK | |||
r-release-windows-x86_64 | 0.10.17 | 36.00 | 301.00 | 337.00 | OK | |
r-oldrel-macos-arm64 | 0.10.17 | 88.00 | OK | |||
r-oldrel-macos-x86_64 | 0.10.17 | 102.00 | OK | |||
r-oldrel-windows-x86_64 | 0.10.17 | 39.00 | 225.00 | 264.00 | OK |
Version: 0.10.17
Check: Rd \usage sections
Result: NOTE
Documented arguments not in \usage in documentation object 'adaptive_smoothing':
‘smooth.limt’ ‘smooth.thershold’
Functions with \usage entries need to have the appropriate \alias
entries, and all their arguments documented.
The \usage entries must correspond to syntactically valid R code.
See chapter ‘Writing R documentation files’ in the ‘Writing R
Extensions’ manual.
Flavors: r-devel-linux-x86_64-debian-clang, r-devel-linux-x86_64-debian-gcc, r-devel-linux-x86_64-fedora-clang, r-devel-linux-x86_64-fedora-gcc, r-devel-windows-x86_64