CRAN Package Check Results for Package pgsc

Last updated on 2024-06-19 00:49:36 CEST.

Flavor Version Tinstall Tcheck Ttotal Status Flags
r-devel-linux-x86_64-debian-clang 1.0.0 33.38 110.16 143.54 NOTE
r-devel-linux-x86_64-debian-gcc 1.0.0 25.66 83.46 109.12 NOTE
r-devel-linux-x86_64-fedora-clang 1.0.0 196.52 NOTE
r-devel-linux-x86_64-fedora-gcc 1.0.0 209.25 NOTE
r-devel-windows-x86_64 1.0.0 32.00 126.00 158.00 NOTE
r-patched-linux-x86_64 1.0.0 23.10 110.06 133.16 NOTE
r-release-linux-x86_64 1.0.0 23.60 109.85 133.45 NOTE
r-release-macos-arm64 1.0.0 54.00 NOTE
r-release-macos-x86_64 1.0.0 87.00 NOTE
r-release-windows-x86_64 1.0.0 29.00 127.00 156.00 NOTE
r-oldrel-macos-arm64 1.0.0 65.00 NOTE
r-oldrel-macos-x86_64 1.0.0 115.00 NOTE
r-oldrel-windows-x86_64 1.0.0 38.00 147.00 185.00 NOTE

Check Details

Version: 1.0.0
Check: C++ specification
Result: NOTE Specified C++11: please drop specification unless essential Flavors: r-devel-linux-x86_64-debian-clang, r-devel-linux-x86_64-debian-gcc, r-devel-linux-x86_64-fedora-clang, r-devel-linux-x86_64-fedora-gcc, r-devel-windows-x86_64, r-patched-linux-x86_64, r-release-linux-x86_64, r-release-macos-arm64, r-release-macos-x86_64, r-release-windows-x86_64, r-oldrel-macos-arm64, r-oldrel-macos-x86_64, r-oldrel-windows-x86_64