Last updated on 2023-01-30 00:31:20 CET.
Flavor | Version | Tinstall | Tcheck | Ttotal | Status | Flags |
---|---|---|---|---|---|---|
r-devel-linux-x86_64-debian-clang | 1.0.0 | 35.11 | 108.32 | 143.43 | OK | |
r-devel-linux-x86_64-debian-gcc | 1.0.0 | 26.75 | 81.08 | 107.83 | NOTE | |
r-devel-linux-x86_64-fedora-clang | 1.0.0 | 186.53 | NOTE | |||
r-devel-linux-x86_64-fedora-gcc | 1.0.0 | 209.02 | NOTE | |||
r-devel-windows-x86_64 | 1.0.0 | 44.00 | 166.00 | 210.00 | NOTE | |
r-patched-linux-x86_64 | 1.0.0 | 26.00 | 107.56 | 133.56 | OK | |
r-release-linux-x86_64 | 1.0.0 | 24.45 | 109.07 | 133.52 | OK | |
r-release-macos-arm64 | 1.0.0 | 50.00 | OK | |||
r-release-macos-x86_64 | 1.0.0 | 78.00 | OK | |||
r-release-windows-x86_64 | 1.0.0 | 41.00 | 162.00 | 203.00 | OK | |
r-oldrel-macos-arm64 | 1.0.0 | 64.00 | OK | |||
r-oldrel-macos-x86_64 | 1.0.0 | 91.00 | OK | |||
r-oldrel-windows-ix86+x86_64 | 1.0.0 | 90.00 | 182.00 | 272.00 | OK |
Version: 1.0.0
Check: C++ specification
Result: NOTE
Specified C++11: please update to current default of C++17
Flavors: r-devel-linux-x86_64-debian-gcc, r-devel-linux-x86_64-fedora-clang, r-devel-linux-x86_64-fedora-gcc, r-devel-windows-x86_64